{"id":265,"date":"2022-01-19T13:16:48","date_gmt":"2022-01-19T13:16:48","guid":{"rendered":"https:\/\/paginas.uepa.br\/sic\/2022\/?page_id=265"},"modified":"2023-02-09T14:46:25","modified_gmt":"2023-02-09T14:46:25","slug":"comunicacoes","status":"publish","type":"page","link":"https:\/\/sic.uepa.br\/2023\/index.php\/comunicacoes\/","title":{"rendered":"Comunica\u00e7\u00f5es"},"content":{"rendered":"\n<div class=\"wp-block-uagb-container uagb-block-026b27bc alignfull uagb-is-root-container\"><div class=\"uagb-container-inner-blocks-wrap\">\n<div class=\"wp-block-uagb-advanced-heading uagb-block-9de17292\"><h1 class=\"uagb-heading-text\">Comunica\u00e7\u00f5es<\/h1><div class=\"uagb-separator\"><\/div><\/div>\n\n\n\n<div class=\"wp-block-columns is-layout-flex wp-container-core-columns-is-layout-1 wp-block-columns-is-layout-flex\">\n<div class=\"wp-block-column is-layout-flow wp-block-column-is-layout-flow\">\n<div class=\"wp-block-uagb-image uagb-block-5b2ccd69 wp-block-uagb-image--layout-overlay wp-block-uagb-image--effect-static wp-block-uagb-image--align-none duatone1\"><figure class=\"wp-block-uagb-image__figure\"><a class=\"\" href=\"https:\/\/sic.uepa.br\/2023\/index.php\/comunicacoes\/pibic-pibiti\/\" target=\"\" rel=\"noopener\"><img decoding=\"async\" srcset=\"https:\/\/sic.uepa.br\/2023\/wp-content\/uploads\/2023\/02\/foto-7-1024x760.png \" src=\"https:\/\/sic.uepa.br\/2023\/wp-content\/uploads\/2023\/02\/foto-7-1024x760.png\" alt=\"\" class=\"uag-image-1239\" width=\"1024\" height=\"760\" title=\"\" loading=\"lazy\"\/><\/a><div class=\"wp-block-uagb-image--layout-overlay__color-wrapper\"><\/div><div class=\"wp-block-uagb-image--layout-overlay__inner center-center\"><a class=\"wp-block-uagb-image--layout-overlay-link \" href=\"https:\/\/sic.uepa.br\/2023\/index.php\/comunicacoes\/pibic-pibiti\/\" target=\"\" rel=\"noopener\"><\/a><h2 class=\"uagb-image-heading\">PIBIC\/PIBITI<\/h2><\/div><\/figure><\/div>\n<\/div>\n\n\n\n<div class=\"wp-block-column is-layout-flow wp-block-column-is-layout-flow\">\n<div class=\"wp-block-uagb-image uagb-block-a0b1a50a wp-block-uagb-image--layout-overlay wp-block-uagb-image--effect-static wp-block-uagb-image--align-none duatone2\"><figure class=\"wp-block-uagb-image__figure\"><a class=\"\" href=\"https:\/\/sic.uepa.br\/2023\/index.php\/comunicacoes\/pos-graduacao\/\" target=\"\" rel=\"noopener\"><img decoding=\"async\" srcset=\"https:\/\/sic.uepa.br\/2023\/wp-content\/uploads\/2023\/02\/foto-6-1024x760.png \" src=\"https:\/\/sic.uepa.br\/2023\/wp-content\/uploads\/2023\/02\/foto-6-1024x760.png\" alt=\"\" class=\"uag-image-1240\" width=\"1024\" height=\"760\" title=\"\" loading=\"lazy\"\/><\/a><div class=\"wp-block-uagb-image--layout-overlay__color-wrapper\"><\/div><div class=\"wp-block-uagb-image--layout-overlay__inner center-center\"><a class=\"wp-block-uagb-image--layout-overlay-link \" href=\"https:\/\/sic.uepa.br\/2023\/index.php\/comunicacoes\/pos-graduacao\/\" target=\"\" rel=\"noopener\"><\/a><h2 class=\"uagb-image-heading\">P\u00f3s-Gradua\u00e7\u00e3o<\/h2><\/div><\/figure><\/div>\n<\/div>\n\n\n\n<div class=\"wp-block-column is-layout-flow wp-block-column-is-layout-flow\">\n<div class=\"wp-block-uagb-image uagb-block-8ce0330e wp-block-uagb-image--layout-overlay wp-block-uagb-image--effect-static wp-block-uagb-image--align-none duatone3\"><figure class=\"wp-block-uagb-image__figure\"><a class=\"\" href=\"https:\/\/sic.uepa.br\/2023\/index.php\/comunicacoes\/webinario\/\" target=\"\" rel=\"noopener\"><img decoding=\"async\" srcset=\"https:\/\/sic.uepa.br\/2023\/wp-content\/uploads\/2023\/02\/foto-9-1024x760.png \" src=\"https:\/\/sic.uepa.br\/2023\/wp-content\/uploads\/2023\/02\/foto-9-1024x760.png\" alt=\"\" class=\"uag-image-1237\" width=\"1024\" height=\"760\" title=\"\" loading=\"lazy\"\/><\/a><div class=\"wp-block-uagb-image--layout-overlay__color-wrapper\"><\/div><div class=\"wp-block-uagb-image--layout-overlay__inner center-center\"><a class=\"wp-block-uagb-image--layout-overlay-link \" href=\"https:\/\/sic.uepa.br\/2023\/index.php\/comunicacoes\/webinario\/\" target=\"\" rel=\"noopener\"><\/a><h2 class=\"uagb-image-heading\">Webin\u00e1rio<\/h2><\/div><\/figure><\/div>\n<\/div>\n<\/div>\n<\/div><\/div>\n","protected":false},"excerpt":{"rendered":"<p>Comunica\u00e7\u00f5es<\/p>\n","protected":false},"author":1,"featured_media":0,"parent":0,"menu_order":0,"comment_status":"closed","ping_status":"closed","template":"","meta":{"_uag_custom_page_level_css":"","site-sidebar-layout":"no-sidebar","site-content-layout":"","ast-site-content-layout":"","site-content-style":"default","site-sidebar-style":"default","ast-global-header-display":"","ast-banner-title-visibility":"","ast-main-header-display":"enabled","ast-hfb-above-header-display":"","ast-hfb-below-header-display":"","ast-hfb-mobile-header-display":"","site-post-title":"disabled","ast-breadcrumbs-content":"disabled","ast-featured-img":"disabled","footer-sml-layout":"enabled","theme-transparent-header-meta":"disabled","adv-header-id-meta":null,"stick-header-meta":null,"header-above-stick-meta":null,"header-main-stick-meta":null,"header-below-stick-meta":null,"astra-migrate-meta-layouts":"","ast-page-background-enabled":"default","ast-page-background-meta":{"desktop":{"background-color":"var(--ast-global-color-4)","background-image":"","background-repeat":"repeat","background-position":"center center","background-size":"auto","background-attachment":"scroll","background-type":"","background-media":"","overlay-type":"","overlay-color":"","overlay-gradient":""},"tablet":{"background-color":"","background-image":"","background-repeat":"repeat","background-position":"center center","background-size":"auto","background-attachment":"scroll","background-type":"","background-media":"","overlay-type":"","overlay-color":"","overlay-gradient":""},"mobile":{"background-color":"","background-image":"","background-repeat":"repeat","background-position":"center center","background-size":"auto","background-attachment":"scroll","background-type":"","background-media":"","overlay-type":"","overlay-color":"","overlay-gradient":""}},"ast-content-background-meta":{"desktop":{"background-color":"var(--ast-global-color-5)","background-image":"","background-repeat":"repeat","background-position":"center center","background-size":"auto","background-attachment":"scroll","background-type":"","background-media":"","overlay-type":"","overlay-color":"","overlay-gradient":""},"tablet":{"background-color":"var(--ast-global-color-5)","background-image":"","background-repeat":"repeat","background-position":"center center","background-size":"auto","background-attachment":"scroll","background-type":"","background-media":"","overlay-type":"","overlay-color":"","overlay-gradient":""},"mobile":{"background-color":"var(--ast-global-color-5)","background-image":"","background-repeat":"repeat","background-position":"center center","background-size":"auto","background-attachment":"scroll","background-type":"","background-media":"","overlay-type":"","overlay-color":"","overlay-gradient":""}},"footnotes":""},"uagb_featured_image_src":{"full":false,"thumbnail":false,"medium":false,"medium_large":false,"large":false,"1536x1536":false,"2048x2048":false},"uagb_author_info":{"display_name":"adminsites@uepa.br","author_link":"https:\/\/sic.uepa.br\/2023\/index.php\/author\/adminsitesuepa-br\/"},"uagb_comment_info":0,"uagb_excerpt":"Comunica\u00e7\u00f5es","_links":{"self":[{"href":"https:\/\/sic.uepa.br\/2023\/index.php\/wp-json\/wp\/v2\/pages\/265"}],"collection":[{"href":"https:\/\/sic.uepa.br\/2023\/index.php\/wp-json\/wp\/v2\/pages"}],"about":[{"href":"https:\/\/sic.uepa.br\/2023\/index.php\/wp-json\/wp\/v2\/types\/page"}],"author":[{"embeddable":true,"href":"https:\/\/sic.uepa.br\/2023\/index.php\/wp-json\/wp\/v2\/users\/1"}],"replies":[{"embeddable":true,"href":"https:\/\/sic.uepa.br\/2023\/index.php\/wp-json\/wp\/v2\/comments?post=265"}],"version-history":[{"count":4,"href":"https:\/\/sic.uepa.br\/2023\/index.php\/wp-json\/wp\/v2\/pages\/265\/revisions"}],"predecessor-version":[{"id":1381,"href":"https:\/\/sic.uepa.br\/2023\/index.php\/wp-json\/wp\/v2\/pages\/265\/revisions\/1381"}],"wp:attachment":[{"href":"https:\/\/sic.uepa.br\/2023\/index.php\/wp-json\/wp\/v2\/media?parent=265"}],"curies":[{"name":"wp","href":"https:\/\/api.w.org\/{rel}","templated":true}]}}