{"id":267,"date":"2022-01-19T13:17:53","date_gmt":"2022-01-19T13:17:53","guid":{"rendered":"https:\/\/paginas.uepa.br\/sic\/2022\/?page_id=267"},"modified":"2024-03-15T16:15:00","modified_gmt":"2024-03-15T16:15:00","slug":"programacao","status":"publish","type":"page","link":"https:\/\/sic.uepa.br\/2024\/index.php\/programacao\/","title":{"rendered":"Programa\u00e7\u00e3o"},"content":{"rendered":"\n<div class=\"wp-block-uagb-container uagb-block-c8fd6b20 alignfull uagb-is-root-container\"><div class=\"uagb-container-inner-blocks-wrap\">\n<div class=\"wp-block-uagb-container uagb-block-166531d9 alignfull uagb-is-root-container\"><div class=\"uagb-container-inner-blocks-wrap\">\n<div class=\"wp-block-uagb-advanced-heading uagb-block-f76d2fc0\"><h2 class=\"uagb-heading-text\">20\/03\/2024 (quarta-feira)<\/h2><div class=\"uagb-separator\"><\/div><\/div>\n\n\n\n<div class=\"wp-block-uagb-advanced-heading uagb-block-f050a997\"><h4 class=\"uagb-heading-text\"><strong>Mesa de Abertura&nbsp;                                                                                                                                                           (09:00h-10:00h)&nbsp;<\/strong><\/h4><\/div>\n\n\n\n<p class=\"has-text-align-center\">Prof. Dr. Clay Anderson Nunes Chagas \n<br>Reitor da Universidade do Estado do Par\u00e1 (UEPA)\n<br>\n<br>Prof. Dr. Jofre Jacob da Silva Freitas\n<br>Pr\u00f3-Reitor de Pesquisa e P\u00f3s-Gradua\u00e7\u00e3o da Universidade do Estado do Par\u00e1 (PROPESP\/UEPA)\n<br>\n<br>Prof. Dr. Marcel do Nascimento Botelho \n<br>Diretor Presidente na Funda\u00e7\u00e3o Amaz\u00f4nia de Amparo a Estudos e Pesquisa (FAPESPA)\n<br><\/p>\n\n\n\n<div class=\"wp-block-uagb-advanced-heading uagb-block-514817e6\"><h4 class=\"uagb-heading-text\"><strong><strong>Confer\u00eancia de Abertura<\/strong><\/strong>:                                                                                                                                          <strong>\u201cAMAZ\u00d4NIA EM FOCO: Ci\u00eancia, Soberania e Desenvolvimento Sustent\u00e1vel\u201d&nbsp;                                                        (10:00h-11:00h)&nbsp;<\/strong><\/h4><\/div>\n\n\n\n<p class=\"has-text-align-center\">Conferencista: Prof. Dr. Durbens Martins Nascimento (NAEA\/UFPA)\n<br>\n<br>Mediador: Prof. Dr. Jofre Jacob da Silva Freitas (UEPA)\n<br><\/p>\n\n\n\n<div class=\"wp-block-uagb-advanced-heading uagb-block-0d418b73\"><h4 class=\"uagb-heading-text\"><strong><strong>Mesa-Redonda 0<\/strong>1:                                                                                                                                                        <strong>\u201c<strong>PRODUTOS DA BIODIVERSIDADE AMAZ\u00d4NICA<\/strong>\u201d<\/strong>&nbsp;                                                                                               (14:00h-16:00h)&nbsp;<\/strong><\/h4><\/div>\n\n\n\n<p class=\"has-text-align-center\">Mediadora: Profa. Ma. Camila de C\u00e1ssia do Socorro da Silva (Doutoranda PPGCA\/UEPA)\n<br>\n<br>Debatedor: Prof. Dr. Carlos Elias de Souza Braga (CCI\/PROPESP\/UEPA)\n<br>\n<br>Comunica\u00e7\u00e3o 01: \u201cAvalia\u00e7\u00e3o da atividade anti-inflamat\u00f3ria de gel fitocosm\u00e9tico contendo \u00f3leo essencial de Hyptis crenata (Pohl) ex Benth\u201d\n<br>Bolsistas: Fernanda Vit\u00f3ria Dias Pena Costa, Leandro Ioshua Lemos Feitosa, N\u00e1thaly Rocha Concei\u00e7\u00e3o Assun\u00e7\u00e3o e Victor Rafael Reis Dantas (PIBIC-EM\/CNPq)\n<br>Orientador: Prof. Dr. Anderson Bentes de Lima (UEPA)\n<br>\n<br>Comunica\u00e7\u00e3o 02: \u201cAn\u00e1lise da composi\u00e7\u00e3o qu\u00edmica do \u00f3leo essencial de esp\u00e9cimes de plantas arom\u00e1ticas da Regi\u00e3o do Maraj\u00f3-PA\u201d\n<br>Bolsistas: Jacirene Alves Franco e Larissa Machado Moraes (PIBIC\/FAPESPA\/FORMA PAR\u00c1)\n<br>Orientador: Prof. Dr. Pablo Luis Baia Figueiredo (UEPA)\n<br>\n<br>Comunica\u00e7\u00e3o 03: \u201cAvalia\u00e7\u00e3o antitumoral do \u00f3leo essencial de Casca-preciosa (Aniba canelilla) em tumor asc\u00edtico de Ehrlich\u201d\n<br>Bolsistas: Marcelly Regina Franco Fonseca (PIBIC\/CNPq) e Gustavo da Concei\u00e7\u00e3o Rodrigues (PIBIC\/FAPESPA) Rodrigo Moutinho Faria (Volunt\u00e1rio) e Vinicius Queir\u00f3z Silva (Volunt\u00e1rio)\n<br>Orientador: Prof. Dr. Jofre Jacob da Silva Freitas (UEPA)\n<br>\n<br>Comunica\u00e7\u00e3o 04: \u201cA oleaginosa amaz\u00f4nica pracaxi no Maraj\u00f3: cadeia produtiva, caracteriza\u00e7\u00e3o socioecon\u00f4mica-ambiental e an\u00e1lise de bioativos no res\u00edduo industrial\u201d\n<br>Bolsista: Andreza Mesquita Martins (Doutoranda PPGCA\/UEPA \u2013 Bolsista FAPESPA)\n<br>Orientadora: Profa. Dra. Ana L\u00facia Nunes Gutjahr (UEPA)\n<br><\/p>\n\n\n\n<div class=\"wp-block-uagb-advanced-heading uagb-block-acd82b40\"><h4 class=\"uagb-heading-text\"><strong><strong>Mesa-Redonda 0<\/strong>2:                                                                                                                                                    <strong><strong>\u201cIDENTIDADE E DIVERSIDADE CULTURAL DOS POVOS DA AMAZ\u00d4NIA\u201d<\/strong><\/strong>&nbsp;                                                   (16:00h-18:00h)&nbsp;<\/strong><\/h4><\/div>\n\n\n\n<p class=\"has-text-align-center\">Mediador: Profa. Ma. I\u00eada Oliveira Mota (Doutoranda PPGED\/UEPA)\n<br>\n<br>Debatedora: Profa. Dra. Aline da Silva Lima (CCI\/PROPESP\/UEPA)\n<br>\n<br>Comunica\u00e7\u00e3o 01: \u201cMulheres amaz\u00f4nidas que p\u00f5em as cartas na mesa: espiritualidade, or\u00e1culo e feminino em cen\u00e1rio p\u00f3s-pand\u00eamico, Bel\u00e9m-Par\u00e1\u201d\n<br>Bolsista: Dayane Ferreira Da Silva (PIBIC\/FAPESPA)\n<br>Orientadora: Profa. Dra. Maria Roseli Sousa Santos (UEPA)\n<br>\n<br>Comunica\u00e7\u00e3o 02: \u201cDa tutela \u00e0 autodetermina\u00e7\u00e3o: hist\u00f3rias em quadrinhos e representa\u00e7\u00f5es ind\u00edgenas\u201d\n<br>Bolsistas: Ana Karolina Costa Cardoso (PIBIC\/FAPESPA), Paulo Jos\u00e9 Andrade de Lima (Volunt\u00e1rio) e Eliel Moura dos Santos (Volunt\u00e1rio).\n<br>Orientador: Prof. Dr. Gustavo Soldati Reis (UEPA)\n<br>\n<br>Comunica\u00e7\u00e3o 03: \u201cM\u00fasica e Sociedade na Pan-Amaz\u00f4nia: Saberes e pr\u00e1ticas do cadence lypso em Bel\u00e9m do Par\u00e1\u201d\n<br>Bolsista: Sara Vieira de Oliveira (PIBIC\/FAPESPA)\n<br>Orientador: Prof. Dr. Paulo Murilo Guerreiro do Amaral (UEPA)\n<br>\n<br>Comunica\u00e7\u00e3o 04: \u201cPesca Artesanal como espa\u00e7o de aprendizagem e circula\u00e7\u00e3o de saberes em territ\u00f3rios de comunidades tradicionais no Maraj\u00f3 dos Campos\u201d\n<br>Bolsista: Karem Maria Gaia Mau\u00e9s (Mestranda PPGED\/UEPA \u2013 Bolsista FAPESPA)\n<br>Orientadora: Profa. Dra. Maria das Gra\u00e7as da Silva (UEPA)\n<br><\/p>\n<\/div><\/div>\n\n\n\n<div class=\"wp-block-uagb-container uagb-block-b5a54dcf alignfull uagb-is-root-container\"><div class=\"uagb-container-inner-blocks-wrap\">\n<div class=\"wp-block-uagb-advanced-heading uagb-block-cbddb8b8\"><h2 class=\"uagb-heading-text\">21\/03\/2024 (quinta-feira)<\/h2><div class=\"uagb-separator\"><\/div><\/div>\n\n\n\n<div class=\"wp-block-uagb-advanced-heading uagb-block-3ea2b36b\"><h4 class=\"uagb-heading-text\">Palestra:                                                                                                                                                                                        <strong>\u201cA import\u00e2ncia da inicia\u00e7\u00e3o cient\u00edfica para o desenvolvimento da ci\u00eancia\u201d                                                                  (09:00h-10:00h)&nbsp;<\/strong><\/h4><\/div>\n\n\n\n<p class=\"has-text-align-center\">Mediadora: Profa. Dra. Vit\u00f3ria Nazar\u00e9 Costa Seixas (CCI\/PROPESP\/UEPA) <br> <br>Palestrante: Prof. Dr. Jofre Jacob da Silva Freitas (UEPA) <br><\/p>\n\n\n\n<div class=\"wp-block-uagb-advanced-heading uagb-block-d6c58d5b\"><h4 class=\"uagb-heading-text\"><strong><strong>Mesa-Redonda 03<\/strong>:                                                                                                                                                           <strong>\u201cA\u00c7\u00d5ES DE PRESERVA\u00c7\u00c3O DA SOCIOBIODIVERSIDADE AMAZ\u00d4NICA\u201d<\/strong>&nbsp;                                                  (10:00h-12:00h)&nbsp;<\/strong><\/h4><\/div>\n\n\n\n<p class=\"has-text-align-center\">Mediadora: Profa. Ma. L\u00facia Aline Moura Reis (Doutoranda PPGBPA\/UEPA)\n<br>\n<br>Debatedora: Profa. Dra. Cl\u00e1udia Viana Urbinati (CCI\/PROPESP\/UEPA)\n<br>\n<br>Comunica\u00e7\u00e3o 01: \u201cOrganiza\u00e7\u00e3o e aumento do acervo da antracoteca do Laborat\u00f3rio de Bioprodutos e Energia da Biomassa (LABBIM) \u2013 UEPA Campus VIII\u201d\n<br>Bolsistas: Anna Beatriz Bezerra Carvalho (PIBIC-EM\/CNPq) e Thiago Soares Rocha (PIBIC-EM\/CNPq)\n<br>Orientador: Prof. Dr. \u00c1lisson Rangel Albuquerque (UEPA)\n<br>\n<br>Comunica\u00e7\u00e3o 02: \u201cPlantas \u00fateis na agricultura familiar e ribeirinha: expedi\u00e7\u00f5es de coleta do Herb\u00e1rio MFS \u00e0 Comunidade do Xingu, Altamira, Par\u00e1\u201d\n<br>Bolsistas: Filipe Santos da Silva (PIBIC\/CNPq) e Maria Eduarda Borges de Paula (PIBIC\/FAPESPA)\n<br>Orientadora: Profa. Dra. Fl\u00e1via Cristina Ara\u00fajo Lucas (UEPA)\n<br>\n<br>Comunica\u00e7\u00e3o 03: \u201cAmplia\u00e7\u00e3o do conhecimento da biodiversidade amaz\u00f4nica: Os Arachnida (Scorpiones e Amblypygi) da Cole\u00e7\u00e3o Zool\u00f3gica Dr. Joachim Adis da UEPA\u201d\n<br>Bolsistas: Emanuelle Ferreira Morais Barbosa (PIBIC\/CNPq) e Luiz Fernando Nunes Concei\u00e7\u00e3o (PIBIC\/Fapespa)\n<br>Orientador: Profa. Dra. Ana L\u00facia Nunes Gutjahr (UEPA)\n<br>\n<br>Comunica\u00e7\u00e3o 04: \u201cLetramento em sa\u00fade de ribeirinhos sobre hipertens\u00e3o arterial sist\u00eamica\u201d\n<br>Bolsista: M\u00e1rcio Yrochy Saldanha dos Santos (Mestrando PPGENF\/UEPA \u2013 Bolsista Capes)\n<br>Orientadora: Profa. Dra. Laura Maria Vidal Nogueira (UEPA)\n<br><\/p>\n\n\n\n<div class=\"wp-block-uagb-advanced-heading uagb-block-5181b869\"><h4 class=\"uagb-heading-text\"><strong>Mesa-Redonda 04<\/strong>:                                                                                                                                                                     <strong>\u201cOS CAMINHOS PARA SE TORNAR UM PESQUISADOR PRODUTIVIDADE\u201d<\/strong>                                                  <strong>(14:00h-16:00h)&nbsp;<\/strong><\/h4><\/div>\n\n\n\n<p class=\"has-text-align-center\">Mediador: Profa. Dra. Priscila Xavier de Ara\u00fajo (UEPA)\n<br>\n<br>Prof. Dr. Anderson Bentes de Lima (UEPA \/ Bolsista de Produtividade em Desenvolvimento Tecnol\u00f3gico e Extens\u00e3o Inovadora do CNPq)\n<br>\n<br>Profa. Dra. Laura Maria Vidal Nogueira (UEPA \/ Bolsista de Produtividade em Pesquisa do CNPq)\n<br>\n<br>Prof. Dr. Luiz Fabio Magno Falc\u00e3o (UEPA \/ Bolsista de Produtividade em Pesquisa do CNPq)\n<br><\/p>\n\n\n\n<div class=\"wp-block-uagb-advanced-heading uagb-block-4e97b901\"><h4 class=\"uagb-heading-text\"><strong>Mesa-Redonda 0<\/strong>5:                                                                                                                                                                       <strong><strong>\u201cAS GRANDES AMEA\u00c7AS E OS CONFLITOS NA AMAZ\u00d4NIA\u201d<\/strong><\/strong>                                                                            <strong>(16:00h-18:00h)&nbsp;<\/strong><\/h4><\/div>\n\n\n\n<p class=\"has-text-align-center\">Mediadora: Profa. Ma. Raiane Ribeiro Cardoso (Doutoranda PPGCA UEPA)\n<br>\n<br>Debatedor: Prof. Dr. Raimundo S\u00e9rgio de Farias Junior (CCI\/PROPESP\/UEPA)\n<br>\n<br>Comunica\u00e7\u00e3o 01: \u201cA explora\u00e7\u00e3o de recursos minerais na microrregi\u00e3o de S\u00e3o F\u00e9lix do Xing\u00fa e sua rela\u00e7\u00e3o com a intensifica\u00e7\u00e3o do desmatamento\u201d\n<br>Bolsistas: Henrique Magno Coutinho (PIBIC\/FAPESPA) e C\u00e9lia Sarmento Freire de Souza (PIBIC\/UEPA), Glaize Rodrigues Wanzeler (Volunt\u00e1ria) e Izabeli da Silva Rodrigues (Volunt\u00e1ria)\n<br>Orientador: Prof. Dr. Eder Silva de Oliveira\n<br>\n<br>Comunica\u00e7\u00e3o 02: \u201cMinera\u00e7\u00e3o e quest\u00e3o agr\u00e1ria: um estudo sobre a viola\u00e7\u00e3o dos direitos territoriais em comunidades camponesas a partir de Barcarena\/PA\u201d\n<br>Bolsistas: Thalia Oliveira da Silva (PIBIC\/FAPESPA) e Ariane da Silva Gon\u00e7alves (Volunt\u00e1ria)\n<br>Orientador: Prof. Dr. Fabiano de Oliveira Bringel\n<br>\n<br>Comunica\u00e7\u00e3o 03: \u201cDin\u00e2mica temporal da rizicultura na Amaz\u00f4nia paraense e seus reflexos sobre quest\u00f5es socioecon\u00f4micas e ambientais\u201d\n<br>Bolsistas: Mirian Rebeka Baleixo da Silva (PIBIC\/CNPq) e Daniela da Cruz Fidalgo (PIBIC\/FAPESPA), Hellyne Santos da Silva (Volunt\u00e1ria) e Joyce Correa Almeida de Almeida (Volunt\u00e1ria)\n<br>Orientador: Prof. Dr. Altem Nascimento Pontes\n<br>\n<br>Comunica\u00e7\u00e3o 04: \u201cComunidades em contexto de expans\u00e3o de monoculturas: tipologias de uso da \u00e1gua, significados e usos competitivos na bacia hidrogr\u00e1fica do rio Au\u00ed-A\u00e7u em Tail\u00e2ndia (PA)\u201d\n<br>Bolsista: Bianca Lorena Ferreira Pinheiro Sarmento (Mestranda PPGG\/UEPA \u2013 Bolsista Capes)\n<br>Orientador: Prof. Dr. Francisco Emerson Vale Costa (UEPA)\n<br><\/p>\n\n\n\n<div class=\"wp-block-uagb-advanced-heading uagb-block-d190dd44\"><h4 class=\"uagb-heading-text\"><strong>Mesa de Encerramento\u00a0<\/strong>                                                                                                                                                       <strong>(18:00h-18:30h)\u00a0<\/strong><\/h4><\/div>\n\n\n\n<p class=\"has-text-align-center\">Prof. Dr. Jofre Jacob da Silva Freitas\n<br>Pr\u00f3-Reitor de Pesquisa e P\u00f3s-Gradua\u00e7\u00e3o\n<br>\n<br>\n<br>Prof. Dr. Anibal Correia Brito Neto\n<br>Diretor de Desenvolvimento \u00e0 Pesquisa\n<br>\n<br>\n<br>Prof. Dr. Willame de Oliveira Ribeiro\n<br>Diretor de Desenvolvimento \u00e0 P\u00f3s-gradua\u00e7\u00e3o\n<br>\n<br>\n<br>Profa. Dra. Luanna de Melo Pereira Fernandes\n<br>Diretora de Acompanhamento e Controle de Qualifica\u00e7\u00e3o\n<br><\/p>\n<\/div><\/div>\n<\/div><\/div>\n","protected":false},"excerpt":{"rendered":"<p>20\/03\/2024 (quarta-feira) Mesa de Abertura&nbsp; (09:00h-10:00h)&nbsp; Prof. Dr. Clay Anderson Nunes Chagas Reitor da Universidade do Estado do Par\u00e1 (UEPA) Prof. Dr. Jofre Jacob da Silva Freitas Pr\u00f3-Reitor de Pesquisa e P\u00f3s-Gradua\u00e7\u00e3o da Universidade do Estado do Par\u00e1 (PROPESP\/UEPA) Prof. Dr. Marcel do Nascimento Botelho Diretor Presidente na Funda\u00e7\u00e3o Amaz\u00f4nia de Amparo a Estudos e &hellip;<\/p>\n<p class=\"read-more\"> <a class=\"\" href=\"https:\/\/sic.uepa.br\/2024\/index.php\/programacao\/\"> <span class=\"screen-reader-text\">Programa\u00e7\u00e3o<\/span> Leia mais &raquo;<\/a><\/p>\n","protected":false},"author":1,"featured_media":0,"parent":0,"menu_order":0,"comment_status":"closed","ping_status":"closed","template":"","meta":{"_uag_custom_page_level_css":"","site-sidebar-layout":"no-sidebar","site-content-layout":"","ast-site-content-layout":"default","site-content-style":"default","site-sidebar-style":"default","ast-global-header-display":"","ast-banner-title-visibility":"","ast-main-header-display":"enabled","ast-hfb-above-header-display":"","ast-hfb-below-header-display":"","ast-hfb-mobile-header-display":"","site-post-title":"enabled","ast-breadcrumbs-content":"disabled","ast-featured-img":"disabled","footer-sml-layout":"enabled","theme-transparent-header-meta":"disabled","adv-header-id-meta":"","stick-header-meta":"","header-above-stick-meta":"","header-main-stick-meta":"","header-below-stick-meta":"","astra-migrate-meta-layouts":"set","ast-page-background-enabled":"default","ast-page-background-meta":{"desktop":{"background-color":"var(--ast-global-color-4)","background-image":"","background-repeat":"repeat","background-position":"center center","background-size":"auto","background-attachment":"scroll","background-type":"","background-media":"","overlay-type":"","overlay-color":"","overlay-gradient":""},"tablet":{"background-color":"","background-image":"","background-repeat":"repeat","background-position":"center center","background-size":"auto","background-attachment":"scroll","background-type":"","background-media":"","overlay-type":"","overlay-color":"","overlay-gradient":""},"mobile":{"background-color":"","background-image":"","background-repeat":"repeat","background-position":"center center","background-size":"auto","background-attachment":"scroll","background-type":"","background-media":"","overlay-type":"","overlay-color":"","overlay-gradient":""}},"ast-content-background-meta":{"desktop":{"background-color":"var(--ast-global-color-5)","background-image":"","background-repeat":"repeat","background-position":"center center","background-size":"auto","background-attachment":"scroll","background-type":"","background-media":"","overlay-type":"","overlay-color":"","overlay-gradient":""},"tablet":{"background-color":"var(--ast-global-color-5)","background-image":"","background-repeat":"repeat","background-position":"center center","background-size":"auto","background-attachment":"scroll","background-type":"","background-media":"","overlay-type":"","overlay-color":"","overlay-gradient":""},"mobile":{"background-color":"var(--ast-global-color-5)","background-image":"","background-repeat":"repeat","background-position":"center center","background-size":"auto","background-attachment":"scroll","background-type":"","background-media":"","overlay-type":"","overlay-color":"","overlay-gradient":""}},"footnotes":""},"uagb_featured_image_src":{"full":false,"thumbnail":false,"medium":false,"medium_large":false,"large":false,"1536x1536":false,"2048x2048":false},"uagb_author_info":{"display_name":"adminsites@uepa.br","author_link":"https:\/\/sic.uepa.br\/2024\/index.php\/author\/adminsitesuepa-br\/"},"uagb_comment_info":0,"uagb_excerpt":"20\/03\/2024 (quarta-feira) Mesa de Abertura&nbsp; (09:00h-10:00h)&nbsp; Prof. Dr. Clay Anderson Nunes Chagas Reitor da Universidade do Estado do Par\u00e1 (UEPA) Prof. Dr. Jofre Jacob da Silva Freitas Pr\u00f3-Reitor de Pesquisa e P\u00f3s-Gradua\u00e7\u00e3o da Universidade do Estado do Par\u00e1 (PROPESP\/UEPA) Prof. Dr. Marcel do Nascimento Botelho Diretor Presidente na Funda\u00e7\u00e3o Amaz\u00f4nia de Amparo a Estudos e&hellip;","_links":{"self":[{"href":"https:\/\/sic.uepa.br\/2024\/index.php\/wp-json\/wp\/v2\/pages\/267"}],"collection":[{"href":"https:\/\/sic.uepa.br\/2024\/index.php\/wp-json\/wp\/v2\/pages"}],"about":[{"href":"https:\/\/sic.uepa.br\/2024\/index.php\/wp-json\/wp\/v2\/types\/page"}],"author":[{"embeddable":true,"href":"https:\/\/sic.uepa.br\/2024\/index.php\/wp-json\/wp\/v2\/users\/1"}],"replies":[{"embeddable":true,"href":"https:\/\/sic.uepa.br\/2024\/index.php\/wp-json\/wp\/v2\/comments?post=267"}],"version-history":[{"count":11,"href":"https:\/\/sic.uepa.br\/2024\/index.php\/wp-json\/wp\/v2\/pages\/267\/revisions"}],"predecessor-version":[{"id":1915,"href":"https:\/\/sic.uepa.br\/2024\/index.php\/wp-json\/wp\/v2\/pages\/267\/revisions\/1915"}],"wp:attachment":[{"href":"https:\/\/sic.uepa.br\/2024\/index.php\/wp-json\/wp\/v2\/media?parent=267"}],"curies":[{"name":"wp","href":"https:\/\/api.w.org\/{rel}","templated":true}]}}