{"id":668,"date":"2022-01-28T09:08:46","date_gmt":"2022-01-28T09:08:46","guid":{"rendered":"https:\/\/paginas.uepa.br\/sic\/2022\/?page_id=668"},"modified":"2024-03-06T18:31:11","modified_gmt":"2024-03-06T18:31:11","slug":"lives","status":"publish","type":"page","link":"https:\/\/sic.uepa.br\/2024\/index.php\/lives\/","title":{"rendered":"Lives"},"content":{"rendered":"\n<div class=\"wp-block-uagb-container uagb-block-c8fd6b20 alignfull uagb-is-root-container\"><div class=\"uagb-container-inner-blocks-wrap\">\n<div class=\"wp-block-uagb-container uagb-block-166531d9 alignfull uagb-is-root-container\"><div class=\"uagb-container-inner-blocks-wrap\">\n<div class=\"wp-block-uagb-advanced-heading uagb-block-d5ab6a8a\"><h4 class=\"uagb-heading-text\"><strong>Mesa de abertura (09:00h-10:00h)<\/strong><\/h4><\/div>\n\n\n\n<div class=\"wp-block-uagb-advanced-heading uagb-block-642b599c\"><h6 class=\"uagb-heading-text\"><strong><strong>\u201c<strong><strong>AMAZ\u00d4NIA EM FOCO: Ci\u00eancia, Soberania e Desenvolvimento Sustent\u00e1vel<\/strong><\/strong>\u201d<\/strong><\/strong><\/h6><\/div>\n\n\n\n<div data-aos= \"fade-up\" data-aos-duration=\"400\" data-aos-delay=\"0\" data-aos-easing=\"ease\" data-aos-once=\"true\" class=\"wp-block-uagb-icon uagb-block-e1cd0911 uagb-icon-wrapper\"><span class=\"uagb-svg-wrapper\"><a rel=\"noopener noreferrer\" href=\"https:\/\/www.youtube.com\/live\/zQ3y_yLzJXA?si=N5GWF3elwNhZLj6b\" target=\"_self\"><svg xmlns=\"https:\/\/www.w3.org\/2000\/svg\" viewBox=\"0 0 576 512\"><path d=\"M549.7 124.1c-6.281-23.65-24.79-42.28-48.28-48.6C458.8 64 288 64 288 64S117.2 64 74.63 75.49c-23.5 6.322-42 24.95-48.28 48.6-11.41 42.87-11.41 132.3-11.41 132.3s0 89.44 11.41 132.3c6.281 23.65 24.79 41.5 48.28 47.82C117.2 448 288 448 288 448s170.8 0 213.4-11.49c23.5-6.321 42-24.17 48.28-47.82 11.41-42.87 11.41-132.3 11.41-132.3s0-89.44-11.41-132.3zm-317.5 213.5V175.2l142.7 81.21-142.7 81.2z\"><\/path><\/svg><\/a><\/span><\/div>\n<\/div><\/div>\n\n\n\n<div class=\"wp-block-uagb-container uagb-block-b5a54dcf alignfull uagb-is-root-container\"><div class=\"uagb-container-inner-blocks-wrap\">\n<div class=\"wp-block-uagb-advanced-heading uagb-block-29ac3722\"><h4 class=\"uagb-heading-text\"><strong><strong>Confer\u00eancia<\/strong> de Abertura (10:00h-11:00h)<\/strong><\/h4><\/div>\n\n\n\n<div class=\"wp-block-uagb-advanced-heading uagb-block-3369bfae\"><h6 class=\"uagb-heading-text\"><strong><strong>\u201c<strong><strong>AMAZ\u00d4NIA EM FOCO: Ci\u00eancia, Soberania e Desenvolvimento Sustent\u00e1vel<\/strong><\/strong>\u201d<\/strong><\/strong><\/h6><\/div>\n\n\n\n<div data-aos= \"fade-up\" data-aos-duration=\"400\" data-aos-delay=\"0\" data-aos-easing=\"ease\" data-aos-once=\"true\" class=\"wp-block-uagb-icon uagb-block-29ff5d6f uagb-icon-wrapper\"><span class=\"uagb-svg-wrapper\"><a rel=\"noopener noreferrer\" href=\"https:\/\/www.youtube.com\/live\/8MSzapA6KB0?si=xqyZHYxtYnY6yWyF\" target=\"_self\"><svg xmlns=\"https:\/\/www.w3.org\/2000\/svg\" viewBox=\"0 0 576 512\"><path d=\"M549.7 124.1c-6.281-23.65-24.79-42.28-48.28-48.6C458.8 64 288 64 288 64S117.2 64 74.63 75.49c-23.5 6.322-42 24.95-48.28 48.6-11.41 42.87-11.41 132.3-11.41 132.3s0 89.44 11.41 132.3c6.281 23.65 24.79 41.5 48.28 47.82C117.2 448 288 448 288 448s170.8 0 213.4-11.49c23.5-6.321 42-24.17 48.28-47.82 11.41-42.87 11.41-132.3 11.41-132.3s0-89.44-11.41-132.3zm-317.5 213.5V175.2l142.7 81.21-142.7 81.2z\"><\/path><\/svg><\/a><\/span><\/div>\n<\/div><\/div>\n\n\n\n<div class=\"wp-block-uagb-container uagb-block-e87d893e alignfull uagb-is-root-container\"><div class=\"uagb-container-inner-blocks-wrap\">\n<div class=\"wp-block-uagb-advanced-heading uagb-block-2f32cc3a\"><h4 class=\"uagb-heading-text\"><strong>Mesa-Redonda 01 (14:00h-16:00h)<\/strong><\/h4><\/div>\n\n\n\n<div class=\"wp-block-uagb-advanced-heading uagb-block-81bfed58\"><h6 class=\"uagb-heading-text\"><strong><strong>\u201c<strong><strong><strong>PRODUTOS DA BIODIVERSIDADE AMAZ\u00d4NICA<\/strong><\/strong><\/strong>\u201d<\/strong><\/strong><\/h6><\/div>\n\n\n\n<div data-aos= \"fade-up\" data-aos-duration=\"400\" data-aos-delay=\"0\" data-aos-easing=\"ease\" data-aos-once=\"true\" class=\"wp-block-uagb-icon uagb-block-cc0b7ab3 uagb-icon-wrapper\"><span class=\"uagb-svg-wrapper\"><a rel=\"noopener noreferrer\" href=\"https:\/\/www.youtube.com\/live\/gf_Qre_FmyY?si=rD8DzPTF59OHCsce\" target=\"_self\"><svg xmlns=\"https:\/\/www.w3.org\/2000\/svg\" viewBox=\"0 0 576 512\"><path d=\"M549.7 124.1c-6.281-23.65-24.79-42.28-48.28-48.6C458.8 64 288 64 288 64S117.2 64 74.63 75.49c-23.5 6.322-42 24.95-48.28 48.6-11.41 42.87-11.41 132.3-11.41 132.3s0 89.44 11.41 132.3c6.281 23.65 24.79 41.5 48.28 47.82C117.2 448 288 448 288 448s170.8 0 213.4-11.49c23.5-6.321 42-24.17 48.28-47.82 11.41-42.87 11.41-132.3 11.41-132.3s0-89.44-11.41-132.3zm-317.5 213.5V175.2l142.7 81.21-142.7 81.2z\"><\/path><\/svg><\/a><\/span><\/div>\n<\/div><\/div>\n\n\n\n<div class=\"wp-block-uagb-container uagb-block-43f3a016 alignfull uagb-is-root-container\"><div class=\"uagb-container-inner-blocks-wrap\">\n<div class=\"wp-block-uagb-advanced-heading uagb-block-98a2a5b3\"><h4 class=\"uagb-heading-text\"><strong><strong><strong>Mesa-Redonda 02 (16:00h-18:00h)<\/strong><\/strong><\/strong><\/h4><\/div>\n\n\n\n<div class=\"wp-block-uagb-advanced-heading uagb-block-496cc851\"><h6 class=\"uagb-heading-text\"><strong><strong>\u201c<strong><strong><strong>IDENTIDADE E DIVERSIDADE CULTURAL DOS POVOS DA AMAZ\u00d4NIA<\/strong><\/strong><\/strong>\u201d<\/strong><\/strong><\/h6><\/div>\n\n\n\n<div data-aos= \"fade-up\" data-aos-duration=\"400\" data-aos-delay=\"0\" data-aos-easing=\"ease\" data-aos-once=\"true\" class=\"wp-block-uagb-icon uagb-block-74ea3ecd uagb-icon-wrapper\"><span class=\"uagb-svg-wrapper\"><a rel=\"noopener noreferrer\" href=\"https:\/\/www.youtube.com\/live\/vDp0l4-QhA4?si=WuHc1hJdNCA31cGp\" target=\"_self\"><svg xmlns=\"https:\/\/www.w3.org\/2000\/svg\" viewBox=\"0 0 576 512\"><path d=\"M549.7 124.1c-6.281-23.65-24.79-42.28-48.28-48.6C458.8 64 288 64 288 64S117.2 64 74.63 75.49c-23.5 6.322-42 24.95-48.28 48.6-11.41 42.87-11.41 132.3-11.41 132.3s0 89.44 11.41 132.3c6.281 23.65 24.79 41.5 48.28 47.82C117.2 448 288 448 288 448s170.8 0 213.4-11.49c23.5-6.321 42-24.17 48.28-47.82 11.41-42.87 11.41-132.3 11.41-132.3s0-89.44-11.41-132.3zm-317.5 213.5V175.2l142.7 81.21-142.7 81.2z\"><\/path><\/svg><\/a><\/span><\/div>\n<\/div><\/div>\n\n\n\n<div class=\"wp-block-uagb-container uagb-block-a10bc9b2 alignfull uagb-is-root-container\"><div class=\"uagb-container-inner-blocks-wrap\">\n<div class=\"wp-block-uagb-advanced-heading uagb-block-d597a44e\"><h4 class=\"uagb-heading-text\"><strong>Palestra (09:00h-10:00h)<\/strong><\/h4><\/div>\n\n\n\n<div class=\"wp-block-uagb-advanced-heading uagb-block-6f9c000a\"><h6 class=\"uagb-heading-text\"><strong><strong>\u201c<strong><strong><strong><strong><strong>A IMPORT\u00c2NCIA DA INICIA\u00c7\u00c3O CIENT\u00cdFICA PARA O DESENVOLVIMENTO DA CI\u00caNCIA<\/strong><\/strong><\/strong><\/strong><\/strong>\u201d<\/strong><\/strong><\/h6><\/div>\n\n\n\n<div data-aos= \"fade-up\" data-aos-duration=\"400\" data-aos-delay=\"0\" data-aos-easing=\"ease\" data-aos-once=\"true\" class=\"wp-block-uagb-icon uagb-block-351caa7e uagb-icon-wrapper\"><span class=\"uagb-svg-wrapper\"><a rel=\"noopener noreferrer\" href=\"https:\/\/www.youtube.com\/live\/KNgJdZcQ2Ls?si=ILlW3SwEYor18Cnn\" target=\"_self\"><svg xmlns=\"https:\/\/www.w3.org\/2000\/svg\" viewBox=\"0 0 576 512\"><path d=\"M549.7 124.1c-6.281-23.65-24.79-42.28-48.28-48.6C458.8 64 288 64 288 64S117.2 64 74.63 75.49c-23.5 6.322-42 24.95-48.28 48.6-11.41 42.87-11.41 132.3-11.41 132.3s0 89.44 11.41 132.3c6.281 23.65 24.79 41.5 48.28 47.82C117.2 448 288 448 288 448s170.8 0 213.4-11.49c23.5-6.321 42-24.17 48.28-47.82 11.41-42.87 11.41-132.3 11.41-132.3s0-89.44-11.41-132.3zm-317.5 213.5V175.2l142.7 81.21-142.7 81.2z\"><\/path><\/svg><\/a><\/span><\/div>\n<\/div><\/div>\n\n\n\n<div class=\"wp-block-uagb-container uagb-block-a73febda alignfull uagb-is-root-container\"><div class=\"uagb-container-inner-blocks-wrap\">\n<div class=\"wp-block-uagb-advanced-heading uagb-block-0f4d7974\"><h4 class=\"uagb-heading-text\"><strong><strong><strong>Mesa-Redonda 03 (10:00h-12:00h)<\/strong><\/strong><\/strong><\/h4><\/div>\n\n\n\n<div class=\"wp-block-uagb-advanced-heading uagb-block-62eb0228\"><h6 class=\"uagb-heading-text\"><strong><strong>\u201c<strong><strong><strong><strong>A\u00c7\u00d5ES DE PRESERVA\u00c7\u00c3O DA SOCIOBIODIVERSIDADE AMAZ\u00d4NICA<\/strong><\/strong><\/strong><\/strong>\u201d<\/strong><\/strong><\/h6><\/div>\n\n\n\n<div data-aos= \"fade-up\" data-aos-duration=\"400\" data-aos-delay=\"0\" data-aos-easing=\"ease\" data-aos-once=\"true\" class=\"wp-block-uagb-icon uagb-block-c2b816f6 uagb-icon-wrapper\"><span class=\"uagb-svg-wrapper\"><a rel=\"noopener noreferrer\" href=\"https:\/\/www.youtube.com\/live\/ecNsSJgkeZc?si=V818qv6CzSqz_sHH\" target=\"_self\"><svg xmlns=\"https:\/\/www.w3.org\/2000\/svg\" viewBox=\"0 0 576 512\"><path d=\"M549.7 124.1c-6.281-23.65-24.79-42.28-48.28-48.6C458.8 64 288 64 288 64S117.2 64 74.63 75.49c-23.5 6.322-42 24.95-48.28 48.6-11.41 42.87-11.41 132.3-11.41 132.3s0 89.44 11.41 132.3c6.281 23.65 24.79 41.5 48.28 47.82C117.2 448 288 448 288 448s170.8 0 213.4-11.49c23.5-6.321 42-24.17 48.28-47.82 11.41-42.87 11.41-132.3 11.41-132.3s0-89.44-11.41-132.3zm-317.5 213.5V175.2l142.7 81.21-142.7 81.2z\"><\/path><\/svg><\/a><\/span><\/div>\n<\/div><\/div>\n\n\n\n<div class=\"wp-block-uagb-container uagb-block-f7b46068 alignfull uagb-is-root-container\"><div class=\"uagb-container-inner-blocks-wrap\">\n<div class=\"wp-block-uagb-advanced-heading uagb-block-7f5d21dc\"><h4 class=\"uagb-heading-text\"><strong>Mesa-Redonda 04 (14:00h-16:00h)<\/strong><\/h4><\/div>\n\n\n\n<div class=\"wp-block-uagb-advanced-heading uagb-block-0f8c4e8f\"><h6 class=\"uagb-heading-text\"><strong><strong>\u201c<\/strong>OS CAMINHOS PARA SE TORNAR UM PESQUISADOR PRODUTIVIDADE<strong>\u201d<\/strong><\/strong><\/h6><\/div>\n\n\n\n<div data-aos= \"fade-up\" data-aos-duration=\"400\" data-aos-delay=\"0\" data-aos-easing=\"ease\" data-aos-once=\"true\" class=\"wp-block-uagb-icon uagb-block-c509911c uagb-icon-wrapper\"><span class=\"uagb-svg-wrapper\"><a rel=\"noopener noreferrer\" href=\"https:\/\/www.youtube.com\/live\/BDBwbtbPRr0?si=4GZSFfonTw3n4ztt\" target=\"_self\"><svg xmlns=\"https:\/\/www.w3.org\/2000\/svg\" viewBox=\"0 0 576 512\"><path d=\"M549.7 124.1c-6.281-23.65-24.79-42.28-48.28-48.6C458.8 64 288 64 288 64S117.2 64 74.63 75.49c-23.5 6.322-42 24.95-48.28 48.6-11.41 42.87-11.41 132.3-11.41 132.3s0 89.44 11.41 132.3c6.281 23.65 24.79 41.5 48.28 47.82C117.2 448 288 448 288 448s170.8 0 213.4-11.49c23.5-6.321 42-24.17 48.28-47.82 11.41-42.87 11.41-132.3 11.41-132.3s0-89.44-11.41-132.3zm-317.5 213.5V175.2l142.7 81.21-142.7 81.2z\"><\/path><\/svg><\/a><\/span><\/div>\n<\/div><\/div>\n\n\n\n<div class=\"wp-block-uagb-container uagb-block-d1b82759 alignfull uagb-is-root-container\"><div class=\"uagb-container-inner-blocks-wrap\">\n<div class=\"wp-block-uagb-advanced-heading uagb-block-776ea97c\"><h4 class=\"uagb-heading-text\"><strong><strong><strong>Mesa-Redonda 05 (16:00h-18:00h)<\/strong><\/strong><\/strong><\/h4><\/div>\n\n\n\n<div class=\"wp-block-uagb-advanced-heading uagb-block-1c7436f2\"><h6 class=\"uagb-heading-text\"><strong><strong>\u201c<\/strong>AS GRANDES AMEA\u00c7AS E OS CONFLITOS NA AMAZ\u00d4NIA<strong>\u201d<\/strong><\/strong><\/h6><\/div>\n\n\n\n<div data-aos= \"fade-up\" data-aos-duration=\"400\" data-aos-delay=\"0\" data-aos-easing=\"ease\" data-aos-once=\"true\" class=\"wp-block-uagb-icon uagb-block-d7cace62 uagb-icon-wrapper\"><span class=\"uagb-svg-wrapper\"><a rel=\"noopener noreferrer\" href=\"https:\/\/www.youtube.com\/live\/8RA0ZMZlGPI?si=qC7AA4OckjyFSCdo\" target=\"_self\"><svg xmlns=\"https:\/\/www.w3.org\/2000\/svg\" viewBox=\"0 0 576 512\"><path d=\"M549.7 124.1c-6.281-23.65-24.79-42.28-48.28-48.6C458.8 64 288 64 288 64S117.2 64 74.63 75.49c-23.5 6.322-42 24.95-48.28 48.6-11.41 42.87-11.41 132.3-11.41 132.3s0 89.44 11.41 132.3c6.281 23.65 24.79 41.5 48.28 47.82C117.2 448 288 448 288 448s170.8 0 213.4-11.49c23.5-6.321 42-24.17 48.28-47.82 11.41-42.87 11.41-132.3 11.41-132.3s0-89.44-11.41-132.3zm-317.5 213.5V175.2l142.7 81.21-142.7 81.2z\"><\/path><\/svg><\/a><\/span><\/div>\n<\/div><\/div>\n\n\n\n<div class=\"wp-block-uagb-container uagb-block-33db2887 alignfull uagb-is-root-container\"><div class=\"uagb-container-inner-blocks-wrap\">\n<div class=\"wp-block-uagb-advanced-heading uagb-block-e3e40100\"><h4 class=\"uagb-heading-text\"><strong>Mesa de Encerramento (18:00h-18:30h)<\/strong><\/h4><\/div>\n\n\n\n<div class=\"wp-block-uagb-advanced-heading uagb-block-f1429ea7\"><h6 class=\"uagb-heading-text\"><strong><strong>\u201c<\/strong>XII Semin\u00e1rio de Integra\u00e7\u00e3o Cient\u00edfica (XII SIC\/UEPA)<strong>\u201d\u201d<\/strong><\/strong><\/h6><\/div>\n\n\n\n<div data-aos= \"fade-up\" data-aos-duration=\"400\" data-aos-delay=\"0\" data-aos-easing=\"ease\" data-aos-once=\"true\" class=\"wp-block-uagb-icon uagb-block-1e902330 uagb-icon-wrapper\"><span class=\"uagb-svg-wrapper\"><a rel=\"noopener noreferrer\" href=\"https:\/\/www.youtube.com\/live\/8RA0ZMZlGPI?si=xxHNpevhHjozrPsG\" target=\"_self\"><svg xmlns=\"https:\/\/www.w3.org\/2000\/svg\" viewBox=\"0 0 576 512\"><path d=\"M549.7 124.1c-6.281-23.65-24.79-42.28-48.28-48.6C458.8 64 288 64 288 64S117.2 64 74.63 75.49c-23.5 6.322-42 24.95-48.28 48.6-11.41 42.87-11.41 132.3-11.41 132.3s0 89.44 11.41 132.3c6.281 23.65 24.79 41.5 48.28 47.82C117.2 448 288 448 288 448s170.8 0 213.4-11.49c23.5-6.321 42-24.17 48.28-47.82 11.41-42.87 11.41-132.3 11.41-132.3s0-89.44-11.41-132.3zm-317.5 213.5V175.2l142.7 81.21-142.7 81.2z\"><\/path><\/svg><\/a><\/span><\/div>\n<\/div><\/div>\n<\/div><\/div>\n","protected":false},"excerpt":{"rendered":"<p>Mesa de abertura (09:00h-10:00h) \u201cAMAZ\u00d4NIA EM FOCO: Ci\u00eancia, Soberania e Desenvolvimento Sustent\u00e1vel\u201d Confer\u00eancia de Abertura (10:00h-11:00h) \u201cAMAZ\u00d4NIA EM FOCO: Ci\u00eancia, Soberania e Desenvolvimento Sustent\u00e1vel\u201d Mesa-Redonda 01 (14:00h-16:00h) \u201cPRODUTOS DA BIODIVERSIDADE AMAZ\u00d4NICA\u201d Mesa-Redonda 02 (16:00h-18:00h) \u201cIDENTIDADE E DIVERSIDADE CULTURAL DOS POVOS DA AMAZ\u00d4NIA\u201d Palestra (09:00h-10:00h) \u201cA IMPORT\u00c2NCIA DA INICIA\u00c7\u00c3O CIENT\u00cdFICA PARA O DESENVOLVIMENTO DA CI\u00caNCIA\u201d Mesa-Redonda &hellip;<\/p>\n<p class=\"read-more\"> <a class=\"\" href=\"https:\/\/sic.uepa.br\/2024\/index.php\/lives\/\"> <span class=\"screen-reader-text\">Lives<\/span> Leia mais &raquo;<\/a><\/p>\n","protected":false},"author":1,"featured_media":0,"parent":0,"menu_order":0,"comment_status":"closed","ping_status":"closed","template":"","meta":{"_uag_custom_page_level_css":"","site-sidebar-layout":"no-sidebar","site-content-layout":"","ast-site-content-layout":"default","site-content-style":"default","site-sidebar-style":"default","ast-global-header-display":"","ast-banner-title-visibility":"","ast-main-header-display":"enabled","ast-hfb-above-header-display":"","ast-hfb-below-header-display":"","ast-hfb-mobile-header-display":"","site-post-title":"enabled","ast-breadcrumbs-content":"disabled","ast-featured-img":"disabled","footer-sml-layout":"enabled","theme-transparent-header-meta":"disabled","adv-header-id-meta":"","stick-header-meta":"","header-above-stick-meta":"","header-main-stick-meta":"","header-below-stick-meta":"","astra-migrate-meta-layouts":"set","ast-page-background-enabled":"default","ast-page-background-meta":{"desktop":{"background-color":"var(--ast-global-color-4)","background-image":"","background-repeat":"repeat","background-position":"center center","background-size":"auto","background-attachment":"scroll","background-type":"","background-media":"","overlay-type":"","overlay-color":"","overlay-gradient":""},"tablet":{"background-color":"","background-image":"","background-repeat":"repeat","background-position":"center center","background-size":"auto","background-attachment":"scroll","background-type":"","background-media":"","overlay-type":"","overlay-color":"","overlay-gradient":""},"mobile":{"background-color":"","background-image":"","background-repeat":"repeat","background-position":"center center","background-size":"auto","background-attachment":"scroll","background-type":"","background-media":"","overlay-type":"","overlay-color":"","overlay-gradient":""}},"ast-content-background-meta":{"desktop":{"background-color":"var(--ast-global-color-5)","background-image":"","background-repeat":"repeat","background-position":"center center","background-size":"auto","background-attachment":"scroll","background-type":"","background-media":"","overlay-type":"","overlay-color":"","overlay-gradient":""},"tablet":{"background-color":"var(--ast-global-color-5)","background-image":"","background-repeat":"repeat","background-position":"center center","background-size":"auto","background-attachment":"scroll","background-type":"","background-media":"","overlay-type":"","overlay-color":"","overlay-gradient":""},"mobile":{"background-color":"var(--ast-global-color-5)","background-image":"","background-repeat":"repeat","background-position":"center center","background-size":"auto","background-attachment":"scroll","background-type":"","background-media":"","overlay-type":"","overlay-color":"","overlay-gradient":""}},"footnotes":""},"uagb_featured_image_src":{"full":false,"thumbnail":false,"medium":false,"medium_large":false,"large":false,"1536x1536":false,"2048x2048":false},"uagb_author_info":{"display_name":"adminsites@uepa.br","author_link":"https:\/\/sic.uepa.br\/2024\/index.php\/author\/adminsitesuepa-br\/"},"uagb_comment_info":0,"uagb_excerpt":"Mesa de abertura (09:00h-10:00h) \u201cAMAZ\u00d4NIA EM FOCO: Ci\u00eancia, Soberania e Desenvolvimento Sustent\u00e1vel\u201d Confer\u00eancia de Abertura (10:00h-11:00h) \u201cAMAZ\u00d4NIA EM FOCO: Ci\u00eancia, Soberania e Desenvolvimento Sustent\u00e1vel\u201d Mesa-Redonda 01 (14:00h-16:00h) \u201cPRODUTOS DA BIODIVERSIDADE AMAZ\u00d4NICA\u201d Mesa-Redonda 02 (16:00h-18:00h) \u201cIDENTIDADE E DIVERSIDADE CULTURAL DOS POVOS DA AMAZ\u00d4NIA\u201d Palestra (09:00h-10:00h) \u201cA IMPORT\u00c2NCIA DA INICIA\u00c7\u00c3O CIENT\u00cdFICA PARA O DESENVOLVIMENTO DA CI\u00caNCIA\u201d Mesa-Redonda&hellip;","_links":{"self":[{"href":"https:\/\/sic.uepa.br\/2024\/index.php\/wp-json\/wp\/v2\/pages\/668"}],"collection":[{"href":"https:\/\/sic.uepa.br\/2024\/index.php\/wp-json\/wp\/v2\/pages"}],"about":[{"href":"https:\/\/sic.uepa.br\/2024\/index.php\/wp-json\/wp\/v2\/types\/page"}],"author":[{"embeddable":true,"href":"https:\/\/sic.uepa.br\/2024\/index.php\/wp-json\/wp\/v2\/users\/1"}],"replies":[{"embeddable":true,"href":"https:\/\/sic.uepa.br\/2024\/index.php\/wp-json\/wp\/v2\/comments?post=668"}],"version-history":[{"count":13,"href":"https:\/\/sic.uepa.br\/2024\/index.php\/wp-json\/wp\/v2\/pages\/668\/revisions"}],"predecessor-version":[{"id":1892,"href":"https:\/\/sic.uepa.br\/2024\/index.php\/wp-json\/wp\/v2\/pages\/668\/revisions\/1892"}],"wp:attachment":[{"href":"https:\/\/sic.uepa.br\/2024\/index.php\/wp-json\/wp\/v2\/media?parent=668"}],"curies":[{"name":"wp","href":"https:\/\/api.w.org\/{rel}","templated":true}]}}