{"id":1643,"date":"2025-07-28T18:37:38","date_gmt":"2025-07-28T18:37:38","guid":{"rendered":"https:\/\/sic.uepa.br\/2025\/?page_id=1643"},"modified":"2025-07-30T12:20:07","modified_gmt":"2025-07-30T12:20:07","slug":"justificativa","status":"publish","type":"page","link":"https:\/\/sic.uepa.br\/2025\/justificativa\/","title":{"rendered":"Justificativa"},"content":{"rendered":"\n<div class=\"wp-block-uagb-container uagb-block-e82fb5df default uagb-is-root-container\">\n<div class=\"wp-block-uagb-advanced-heading uagb-block-b6e79f27\"><h1 class=\"uagb-heading-text\">Justificativa<\/h1><div class=\"uagb-separator\"><\/div><\/div>\n\n\n\n<p>Em 2025, o evento pretende retomar o formato presencial, assegurando que toda a comunidade acad\u00eamica da UEPA, distribu\u00edda por todo o estado do Par\u00e1, possa integrar-se, acompanhar e participar de cada momento do semin\u00e1rio. Essa proposta busca respeitar o alcance de p\u00fablico consolidado ao longo dos anos, fortalecendo, ainda mais, o processo de interioriza\u00e7\u00e3o que marca a trajet\u00f3ria da universidade.<\/p>\n\n\n\n<p>A inclus\u00e3o do SIC na agenda \u201cUEPA na COP 30\u201d decorre do reconhecimento da import\u00e2ncia do semin\u00e1rio como um marco no desenvolvimento cient\u00edfico da institui\u00e7\u00e3o, especialmente por promover a discuss\u00e3o de pesquisas realizadas na Amaz\u00f4nia paraense. Essa inser\u00e7\u00e3o tamb\u00e9m refor\u00e7a o papel de protagonismo da regi\u00e3o amaz\u00f4nica no cen\u00e1rio global, bem como o valor da produ\u00e7\u00e3o cient\u00edfica originada nesse territ\u00f3rio.<\/p>\n\n\n\n<p>Os temas das confer\u00eancias, palestras e mesas-redondas, assim como os resultados das pesquisas apresentadas, abordar\u00e3o a interrela\u00e7\u00e3o entre saberes, inova\u00e7\u00e3o e sustentabilidade na Amaz\u00f4nia. O objetivo \u00e9 fortalecer a comunica\u00e7\u00e3o cient\u00edfica e ampliar os espa\u00e7os de debate cient\u00edfico-tecnol\u00f3gico, contribuindo para a mitiga\u00e7\u00e3o de desafios globais por meio de solu\u00e7\u00f5es sustent\u00e1veis baseadas na ci\u00eancia e na inova\u00e7\u00e3o.<\/p>\n\n\n\n<p>O SIC \u00e9 uma iniciativa fundamental para fomentar a troca de conhecimentos, promover a integra\u00e7\u00e3o entre pesquisadores e estudantes, e divulgar os resultados das pesquisas realizadas na UEPA. O evento contribui significativamente para o fortalecimento da cultura cient\u00edfica, incentivando a inova\u00e7\u00e3o e a produ\u00e7\u00e3o acad\u00eamica de qualidade, ao mesmo tempo em que conecta a universidade \u00e0s demandas sociais e ambientais, especialmente no contexto amaz\u00f4nico.<\/p>\n<\/div>\n","protected":false},"excerpt":{"rendered":"<p>Justificativa Em 2025, o evento pretende retomar o formato presencial, assegurando que toda a comunidade acad\u00eamica da UEPA, distribu\u00edda por todo o estado do Par\u00e1, possa integrar-se, acompanhar e participar de cada momento do semin\u00e1rio. Essa proposta busca respeitar o alcance de p\u00fablico consolidado ao longo dos anos, fortalecendo, ainda mais, o processo de interioriza\u00e7\u00e3o &hellip;<\/p>\n<p class=\"read-more\"> <a class=\"\" href=\"https:\/\/sic.uepa.br\/2025\/justificativa\/\"> <span class=\"screen-reader-text\">Justificativa<\/span> Leia mais &raquo;<\/a><\/p>\n","protected":false},"author":1,"featured_media":0,"parent":0,"menu_order":0,"comment_status":"closed","ping_status":"closed","template":"","meta":{"_uag_custom_page_level_css":"","site-sidebar-layout":"default","site-content-layout":"","ast-site-content-layout":"default","site-content-style":"default","site-sidebar-style":"default","ast-global-header-display":"","ast-banner-title-visibility":"","ast-main-header-display":"","ast-hfb-above-header-display":"","ast-hfb-below-header-display":"","ast-hfb-mobile-header-display":"","site-post-title":"","ast-breadcrumbs-content":"","ast-featured-img":"","footer-sml-layout":"","theme-transparent-header-meta":"","adv-header-id-meta":"","stick-header-meta":"","header-above-stick-meta":"","header-main-stick-meta":"","header-below-stick-meta":"","astra-migrate-meta-layouts":"set","ast-page-background-enabled":"default","ast-page-background-meta":{"desktop":{"background-color":"var(--ast-global-color-4)","background-image":"","background-repeat":"repeat","background-position":"center center","background-size":"auto","background-attachment":"scroll","background-type":"","background-media":"","overlay-type":"","overlay-color":"","overlay-gradient":""},"tablet":{"background-color":"","background-image":"","background-repeat":"repeat","background-position":"center center","background-size":"auto","background-attachment":"scroll","background-type":"","background-media":"","overlay-type":"","overlay-color":"","overlay-gradient":""},"mobile":{"background-color":"","background-image":"","background-repeat":"repeat","background-position":"center center","background-size":"auto","background-attachment":"scroll","background-type":"","background-media":"","overlay-type":"","overlay-color":"","overlay-gradient":""}},"ast-content-background-meta":{"desktop":{"background-color":"var(--ast-global-color-5)","background-image":"","background-repeat":"repeat","background-position":"center center","background-size":"auto","background-attachment":"scroll","background-type":"","background-media":"","overlay-type":"","overlay-color":"","overlay-gradient":""},"tablet":{"background-color":"var(--ast-global-color-5)","background-image":"","background-repeat":"repeat","background-position":"center center","background-size":"auto","background-attachment":"scroll","background-type":"","background-media":"","overlay-type":"","overlay-color":"","overlay-gradient":""},"mobile":{"background-color":"var(--ast-global-color-5)","background-image":"","background-repeat":"repeat","background-position":"center center","background-size":"auto","background-attachment":"scroll","background-type":"","background-media":"","overlay-type":"","overlay-color":"","overlay-gradient":""}},"footnotes":""},"uagb_featured_image_src":{"full":false,"thumbnail":false,"medium":false,"medium_large":false,"large":false,"1536x1536":false,"2048x2048":false},"uagb_author_info":{"display_name":"adminsites@uepa.br","author_link":"https:\/\/sic.uepa.br\/2025\/author\/adminsitesuepa-br\/"},"uagb_comment_info":0,"uagb_excerpt":"Justificativa Em 2025, o evento pretende retomar o formato presencial, assegurando que toda a comunidade acad\u00eamica da UEPA, distribu\u00edda por todo o estado do Par\u00e1, possa integrar-se, acompanhar e participar de cada momento do semin\u00e1rio. Essa proposta busca respeitar o alcance de p\u00fablico consolidado ao longo dos anos, fortalecendo, ainda mais, o processo de interioriza\u00e7\u00e3o&hellip;","_links":{"self":[{"href":"https:\/\/sic.uepa.br\/2025\/wp-json\/wp\/v2\/pages\/1643"}],"collection":[{"href":"https:\/\/sic.uepa.br\/2025\/wp-json\/wp\/v2\/pages"}],"about":[{"href":"https:\/\/sic.uepa.br\/2025\/wp-json\/wp\/v2\/types\/page"}],"author":[{"embeddable":true,"href":"https:\/\/sic.uepa.br\/2025\/wp-json\/wp\/v2\/users\/1"}],"replies":[{"embeddable":true,"href":"https:\/\/sic.uepa.br\/2025\/wp-json\/wp\/v2\/comments?post=1643"}],"version-history":[{"count":4,"href":"https:\/\/sic.uepa.br\/2025\/wp-json\/wp\/v2\/pages\/1643\/revisions"}],"predecessor-version":[{"id":1940,"href":"https:\/\/sic.uepa.br\/2025\/wp-json\/wp\/v2\/pages\/1643\/revisions\/1940"}],"wp:attachment":[{"href":"https:\/\/sic.uepa.br\/2025\/wp-json\/wp\/v2\/media?parent=1643"}],"curies":[{"name":"wp","href":"https:\/\/api.w.org\/{rel}","templated":true}]}}