{"id":267,"date":"2022-01-19T13:17:53","date_gmt":"2022-01-19T13:17:53","guid":{"rendered":"https:\/\/paginas.uepa.br\/sic\/2022\/?page_id=267"},"modified":"2025-08-27T18:41:32","modified_gmt":"2025-08-27T18:41:32","slug":"programacao","status":"publish","type":"page","link":"https:\/\/sic.uepa.br\/2025\/programacao\/","title":{"rendered":"Programa\u00e7\u00e3o"},"content":{"rendered":"\n<div class=\"wp-block-uagb-container uagb-block-c4b9332c alignfull uagb-is-root-container\"><div class=\"uagb-container-inner-blocks-wrap\">\n<p>Prezado(a) Orientador(a), Aluno(a) Bolsista e Aluno(a) Volunt\u00e1rio(a),<\/p>\n\n\n\n<p>A Pr\u00f3-Reitoria de Pesquisa e P\u00f3s-Gradua\u00e7\u00e3o anuncia a chegada do XIII Semin\u00e1rio de Integra\u00e7\u00e3o Cient\u00edfica (XIII SIC\/UEPA), com a tem\u00e1tica geral<strong>: CI\u00caNCIA E INOVA\u00c7\u00c3O NA AMAZ\u00d4NIA: SOLU\u00c7\u00d5ES SUSTENT\u00c1VEIS PARA DESAFIOS GLOBAIS<\/strong>. O evento ser\u00e1 realizado nos<strong> dias 27 e 28 de agosto de 2025<\/strong>, em formato h\u00edbrido, presencialmente no Audit\u00f3rio Paulo Freire, CCSE\/Campus I, com transmiss\u00e3o para canal oficial da UEPA no Youtube (<a href=\"https:\/\/www.youtube.com\/@universidadedoestadodopara3606\">https:\/\/www.youtube.com\/@universidadedoestadodopara3606<\/a>).<\/p>\n\n\n\n<p>Nessa edi\u00e7\u00e3o, a programa\u00e7\u00e3o do XIII SIC\/UEPA ser\u00e1 inclu\u00edda na agenda de eventos da \u201cUEPA na COP 30\u201d, e teremos um momento especial com o pr\u00eamio \u201cJovem Pesquisador da UEPA\u201d no encerramento. As pesquisas n\u00e3o selecionadas para comporem as mesas-redondas, ser\u00e3o disponibilizadas como comunica\u00e7\u00f5es no <em>site <\/em>do evento, no formato de apresenta\u00e7\u00e3o de v\u00eddeo, conforme envio realizado previamente pelo orientador \u00e0 PROPESP, por ocasi\u00e3o da entrega do Relat\u00f3rio Final.<\/p>\n\n\n\n<p>Estamos ansiosos para v\u00ea-los(as) em nosso XIII SIC\/UEPA.<\/p>\n\n\n\n<div class=\"wp-block-uagb-container uagb-block-179c7e13\">\n<p class=\"has-text-align-center\">Prof. Dra. Luanna de Melo Pereira Fernandes<br><strong>Pr\u00f3-Reitora de Pesquisa e P\u00f3s-Gradua\u00e7\u00e3o<\/strong><br><br>Prof. Dra. Tatiane Bahia do Vale Silva<br><strong>Diretora de Desenvolvimento \u00e0 Pesquisa<\/strong><br><br>Prof. Dra. Luely Oliveira da Silva<strong><br>Diretora de Desenvolvimento \u00e0 P\u00f3s-gradua\u00e7\u00e3o<\/strong><br><br>Prof. Dr. Eder Silva de Oliveira<br><strong>Diretor de Acompanhamento e Controle De Qualifica\u00e7\u00e3o<\/strong><br><br>Prof. Msc. Savio Almeida Fernandes<br><strong>Diretor de Inova\u00e7\u00e3o, Transfer\u00eancia Tecnol\u00f3gica e Empreendedorismo<\/strong><\/p>\n<\/div>\n\n\n\n<div data-wp-interactive=\"core\/file\" class=\"wp-block-file\"><object data-wp-bind--hidden=\"!state.hasPdfPreview\"  class=\"wp-block-file__embed\" data=\"https:\/\/sic.uepa.br\/2025\/wp-content\/uploads\/2025\/08\/XIII-SIC-Divulgacao-da-Programacao.pdf\" type=\"application\/pdf\" style=\"width:100%;height:600px\" aria-label=\"Incorporado de Programa\u00e7\u00e3o.\"><\/object><a id=\"wp-block-file--media-741df744-2769-49d0-934b-ae79ff5fca28\" href=\"https:\/\/sic.uepa.br\/2025\/wp-content\/uploads\/2025\/08\/XIII-SIC-Divulgacao-da-Programacao.pdf\">Programa\u00e7\u00e3o<\/a><a href=\"https:\/\/sic.uepa.br\/2025\/wp-content\/uploads\/2025\/08\/XIII-SIC-Divulgacao-da-Programacao.pdf\" class=\"wp-block-file__button wp-element-button\" download aria-describedby=\"wp-block-file--media-741df744-2769-49d0-934b-ae79ff5fca28\">Baixar<\/a><\/div>\n\n\n\n<div class=\"wp-block-uagb-advanced-heading uagb-block-d423f580\"><h1 class=\"uagb-heading-text\"><strong>Programa\u00e7\u00e3o<\/strong><\/h1><div class=\"uagb-separator\"><\/div><\/div>\n\n\n\n<div id=\"dia\" class=\"wp-block-uagb-container uagb-block-9d8c6664\">\n<div class=\"wp-block-uagb-advanced-heading uagb-block-ba58f4e2\" id=\"t\u00edtulo-dia\"><h2 class=\"uagb-heading-text\"><strong>DIA 27\/08\/2025 \u2013 MANH\u00c3<br>Quarta-Feira<\/strong><\/h2><div class=\"uagb-separator\"><\/div><\/div>\n\n\n\n<div class=\"wp-block-uagb-advanced-heading uagb-block-027e153b\" id=\"titulo-atividade\"><h3 class=\"uagb-heading-text\"><strong><span style=\"text-decoration: underline;\">Mesa de Abertura<\/span> (09:00h &#8211; 10:00h)<br><br>Formato H\u00edbrido (Audit\u00f3rio Paulo Freire, CCSE\/Campus I, com transmiss\u00e3o para canal oficial da UEPA no Youtube<\/strong><\/h3><\/div>\n\n\n\n<div class=\"wp-block-uagb-advanced-heading uagb-block-3482a829\" id=\"integrantes\"><p class=\"uagb-heading-text\">Prof. Dr. Clay Anderson Nunes Chagas&nbsp;<br>Reitor da Universidade do Estado do Par\u00e1 (UEPA)<br>&nbsp;<br>Prof. Dra. Luanna de Melo Pereira Fernandes<br>Pr\u00f3-Reitora de Pesquisa e P\u00f3s-Gradua\u00e7\u00e3o da Universidade do Estado do Par\u00e1 (PROPESP\/UEPA)<br>&nbsp;<br>Prof. Dr. Deyvison Andrey Medrado Gon\u00e7alves<br>Diretor Cient\u00edfico da&nbsp; Funda\u00e7\u00e3o Amaz\u00f4nia de Amparo a Estudos e Pesquisa (FAPESPA)<br><strong>&nbsp;<\/strong><br>Sr. Victor Orengel Dias<br>Secret\u00e1rio da Secretaria de Ci\u00eancia, Tecnologia e Educa\u00e7\u00e3o Superior, Profissional e Tecnol\u00f3gica (SECTET)<br><br>Sra. Renata Gabrielly da Silva Batista<br>Gerente da Unidade de Sustentabilidade e Inova\u00e7\u00e3o do Servi\u00e7o Brasileiro de Apoio \u00e0s Micro e Pequenas Empresas (SEBRAE)<br><\/p><\/div>\n\n\n\n<div class=\"wp-block-uagb-advanced-heading uagb-block-e8a7b929\" id=\"titulo-atividade\"><h3 class=\"uagb-heading-text\"><strong><span style=\"text-decoration: underline;\">Mesa Redonda 01<\/span> (10:00h-12:00h) <br><br>Formato H\u00edbrido: Audit\u00f3rio Paulo Freire, CCSE\/Campus I, com transmiss\u00e3o para canal oficial da UEPA no Youtube <br><br>\u201cRa\u00edzes do futuro: conex\u00f5es entre saberes, inova\u00e7\u00e3o e sustentabilidade na Amaz\u00f4nia\u201d<\/strong><\/h3><\/div>\n\n\n\n<div class=\"wp-block-uagb-advanced-heading uagb-block-47f6076c\" id=\"integrantes\"><p class=\"uagb-heading-text\"><strong>Mediadora:&nbsp;<\/strong>Profa. Dra. Luely Oliveira da Silva &#8211; (PROPESP\/UEPA)<br><strong>&nbsp;<\/strong><br>\u201cSaberes ribeirinhos e ci\u00eancia: estrat\u00e9gias etnobot\u00e2nicas para sustentabilidade biocultural na Amaz\u00f4nia\u201d<strong> &#8211;&nbsp; <\/strong>Prof. Dra. Fl\u00e1via Cristina Ara\u00fajo Lucas (DCNA\/CCSE)<br><strong>&nbsp;<\/strong><br>\u201cAromas da Amaz\u00f4nia: da qu\u00edmica de produtos naturais \u00e0 inova\u00e7\u00e3o sustent\u00e1vel\u201d &#8211; Dra. Eloisa Helena de Aguiar Andrade (Museu Em\u00edlio Goeldi)<br>&nbsp;<br>\u201cBioprospec\u00e7\u00e3o farmacol\u00f3gica na Amaz\u00f4nia: ci\u00eancia aplicada, forma\u00e7\u00e3o e infraestrutura para a inova\u00e7\u00e3o em sa\u00fade\u201d&nbsp; &#8211;&nbsp; Prof. Dr. Jofre Jacob da Silva Freitas (CEPAM\/UEPA)<br>&nbsp;<br>&nbsp;\u201cBioeconomia da Floresta em P\u00e9: o Cuidado que Nasce da Amaz\u00f4nia\u201d&nbsp; &#8211; Sra. Danielly Coelho Gomes Leite (Co-Fundadora da Bioilha)<\/p><\/div>\n\n\n\n<div class=\"wp-block-uagb-advanced-heading uagb-block-edfd0ec7\" id=\"titulo-atividade\"><h3 class=\"uagb-heading-text\"><strong>DIA 27\/08\/2025 \u2013 TARDE <br><br>Hor\u00e1rio: 14:00h-16:00h <br>Formato Remoto: Transmiss\u00e3o para canal oficial da UEPA no Youtube<br><br><span style=\"text-decoration: underline;\">Sess\u00e3o de Apresenta\u00e7\u00e3o de Trabalhos Gradua\u00e7\u00e3o e P\u00f3s-gradua\u00e7\u00e3o 01<\/span><br><br> \u201cSaberes e pr\u00e1ticas de povos da floresta: educa\u00e7\u00e3o, sa\u00fade e territ\u00f3rio em comunidades ind\u00edgenas, quilombolas e ribeirinhas na Amaz\u00f4nia\u201d<\/strong><\/h3><\/div>\n\n\n\n<div class=\"wp-block-uagb-advanced-heading uagb-block-8880cfe0\" id=\"integrantes\"><p class=\"uagb-heading-text\"><strong>Mediadora:<\/strong> Profa. Ma. Maria Goretti Sousa Lameira<strong> &nbsp; <\/strong>(Graduanda &#8211; PPGED)<br><strong>&nbsp;<\/strong><br><strong>Debatedora:<\/strong>&nbsp;Profa. Dra. Val\u00e9ria Marques Ferreira Normando (CCI\/DCMH\/UEPA)<br><strong>&nbsp;<\/strong><br><strong>Comunica\u00e7\u00e3o 01<\/strong>:&nbsp;\u201cConhecimentos, atitudes e pr\u00e1ticas sobre sa\u00fade sexual de usu\u00e1rios da Aten\u00e7\u00e3o Prim\u00e1ria em Sa\u00fade no interior da Amaz\u00f4nia&#8221;<br><strong>Bolsista:<\/strong> Adriana Vanessa Ribeiro Mafra (PIBIC\/CNPq) e Layze Carvalho Borges (PIBIC\/FAPESPA).<br><strong>Orientadora:<\/strong> Profa.Dra. N\u00e1dia Vic\u00eancia do Nascimento Martins&nbsp;<br>&nbsp;<br><strong>Comunica\u00e7\u00e3o 02<\/strong>: \u201cLevantamento e Valoriza\u00e7\u00e3o das Plantas Medicinais: Potencialidades Terap\u00eauticas para o Cuidado em sa\u00fade no munic\u00edpio de Mocajuba\u201d<br><strong>Bolsista: <\/strong>Naira Let\u00edcia Silva Ferreira &#8211; (PIBIC\/ FORMA PAR\u00c1)<br><strong>Orientador:<\/strong> Prof. Dr. Jofre Jacob da Silva Freitas&nbsp;<br><strong>&nbsp;<\/strong><br><strong>Comunica\u00e7\u00e3o 03<\/strong>: <strong>\u201c<\/strong>A BNCC na Escola Ribeirinha: Representa\u00e7\u00e3o ou Silenciamento?\u201d<br><strong>Bolsista:<\/strong> Gabriel Pereira Pontes Teixeira&nbsp; (PIBIC\/FAPESPA)<br><strong>Orientadora:<\/strong> Profa. Dra. Sueli Pinheiro da Silva<br>&nbsp;<br><strong>Comunica\u00e7\u00e3o 04<\/strong>: \u201cOs Astros E A Educa\u00e7\u00e3o Escolar Ind\u00edgena: O Ensino a Partir dos Saberes&nbsp;do Povo Jaraki Na Escola Ind\u00edgena S\u00e3o Francisco &#8211; Aldeia Lago da Praia &#8211; Rio Arapiuns\/Santar\u00e9m \u2013 Par\u00e1\u201d<br><strong>Bolsista:<\/strong> Sandra Maria dos Santos Pereira&nbsp; (PPGEEI)<br><strong>Orientadora:<\/strong> Profa. Dra. Sinaida Maria Vasconcelos&nbsp; (PPGEEI)<\/p><\/div>\n\n\n\n<div class=\"wp-block-uagb-advanced-heading uagb-block-f981b8bd\" id=\"titulo-atividade\"><h3 class=\"uagb-heading-text\"><strong>Hor\u00e1rio: 16:00h-18:00h<br><br> Formato Remoto: Transmiss\u00e3o para canal oficial da UEPA no Youtube<br><br> <span style=\"text-decoration: underline;\">Sess\u00e3o de Apresenta\u00e7\u00e3o de Trabalhos de Gradua\u00e7\u00e3o e P\u00f3s-gradua\u00e7\u00e3o 02 <\/span><br><br>\u201cAmaz\u00f4nia Sustent\u00e1vel, Ci\u00eancia e inova\u00e7\u00e3o para o clima e Biodiversidade\u201d<\/strong><\/h3><\/div>\n\n\n\n<div class=\"wp-block-uagb-advanced-heading uagb-block-871967e4\" id=\"integrantes\"><p class=\"uagb-heading-text\"><strong>Mediadora:<\/strong> Wanessa Farias Paix\u00e3o (graduanda &#8211; PPGG)<br><strong>&nbsp;<\/strong><br><strong>Debatedora:&nbsp;<\/strong>Profa. Dra. L\u00edgia Amaral Filgueiras (CCI\/DCNA\/UEPA)<br>&nbsp;<br><strong>Comunica\u00e7\u00e3o 01<\/strong>:&nbsp;\u201cA Cultura De \u00d3leos Vegetais Em Acar\u00e1, Par\u00e1: Como Verticalizar A Produ\u00e7\u00e3o e o Beneficiamento\u201d<br><strong>Bolsista:<\/strong> Nely da Silva Monteiro (PIBIC\/FORMA PAR\u00c1)<br><strong>Orientador:<\/strong> Prof. Me. Jos\u00e9 Cl\u00e1udio Warken<br><br><strong>Comunica\u00e7\u00e3o 02<\/strong>: \u201cLetramento em Sa\u00fade Ambiental de Ribeirinhos da Amaz\u00f4nia Paraense: Estudo Qualitativo\u201d<br><strong>Bolsistas: <\/strong>\u00c9lida Fernanda R\u00eago de Andrade (PIBIC\/CNPq) e Sandy Isabelly Os\u00f3rio de Sousa (PIBIC\/FAPESPA)<br><strong>Orientadora:<\/strong> Profa. Dra.Laura Maria Vidal Nogueira<br><br><strong>Comunica\u00e7\u00e3o 03<\/strong>:&nbsp;\u201cAplicabilidade das Plantas Aliment\u00edcias N\u00e3o Convencionais (PANCs) na culin\u00e1ria Amaz\u00f4nica\u201d<br><strong>Bolsistas:<\/strong> Jackelinne dos Santos Rodrigues <strong>(<\/strong>PIBIC\/FORMAPAR\u00c1)<br>&nbsp;<strong>Orientadora:<\/strong> Profa. Dra. Bruna Almeida da Silva<br>&nbsp;<br><strong>&nbsp;&nbsp;Comunica\u00e7\u00e3o 04<\/strong>: \u201cOleaginosa Amaz\u00f4nica Pracaxi: diagn\u00f3stico da cadeia produtiva, caracteriza\u00e7\u00e3o socioecon\u00f4mico-ambiental em comunidades coletoras de sementes e an\u00e1lise de bioativos presentes no res\u00edduo industrial\u201d<br>&nbsp;<strong>Bolsista: <\/strong>Andreza Mesquita Martins (PPGCAM)<br><strong>Orientadora:<\/strong> Profa. Dra. Ana L\u00facia Nunes Gutjahr<\/p><\/div>\n<\/div>\n\n\n\n<div id=\"dia\" class=\"wp-block-uagb-container uagb-block-638c95bd\">\n<div class=\"wp-block-group is-vertical is-layout-flex wp-container-core-group-is-layout-1 wp-block-group-is-layout-flex\">\n<div class=\"wp-block-uagb-advanced-heading uagb-block-b9677b31\"><h3 class=\"uagb-heading-text\"><strong>DIA 28\/08\/2025 \u2013 MANH\u00c3<br><br> <span style=\"text-decoration: underline;\">Palestra 01<\/span> (09:00h-10:00h) Formato Remoto: Transmiss\u00e3o exclusiva pelo YOUTUBE, canal oficial da UEPA<br><br> \u201cInova\u00e7\u00e3o Tecnol\u00f3gica e Desenvolvimento Sustent\u00e1vel: Tend\u00eancias e Oportunidades\u201d<\/strong><\/h3><\/div>\n\n\n\n<div class=\"wp-block-uagb-advanced-heading uagb-block-dd69d747\"><p class=\"uagb-heading-text\">Prof. Dr. Anderson Bentes de Lima\u00a0 &#8211; Coordenador do PPGCIPE <\/p><\/div>\n\n\n\n<div class=\"wp-block-uagb-advanced-heading uagb-block-0c52b83a\"><h3 class=\"uagb-heading-text\"><strong><strong><strong>Lan\u00e7amento do Site&nbsp; Inova da PROPESP<\/strong><\/strong><\/strong><\/h3><\/div>\n\n\n\n<div class=\"wp-block-uagb-advanced-heading uagb-block-48a44600\"><h6 class=\"uagb-heading-text\"><strong>Msc. Prof. S\u00e1vio Almeida Fernandes (PROPESP\/UEPA)<\/strong><\/h6><\/div>\n\n\n\n<div class=\"wp-block-uagb-advanced-heading uagb-block-c6e590d6\"><h3 class=\"uagb-heading-text\"><br><strong>Hor\u00e1rio: 10:00h-12:00h <br><br>Formato Remoto: Transmiss\u00e3o para canal oficial da UEPA no Youtube<br><br> Sess\u00e3o de Apresenta\u00e7\u00e3o de Trabalhos de Gradua\u00e7\u00e3o e P\u00f3s-gradua\u00e7\u00e3o 03<br><br> \u201cInova\u00e7\u00e3o tecnol\u00f3gica e educacional como estrat\u00e9gia para enfrentar desafios globais a partir da realidade amaz\u00f4nica\u201d<\/strong><\/h3><\/div>\n\n\n\n<div class=\"wp-block-uagb-advanced-heading uagb-block-2f35be84\"><p class=\"uagb-heading-text\"><strong>Mediador:<\/strong> Tiago Nazareno Coutinho Nogueira (Graduando &#8211; PPGTEC)<br><strong>&nbsp;<\/strong><br><strong>&nbsp;&nbsp;&nbsp;&nbsp;&nbsp;&nbsp;Debatedor:<\/strong> Prof. Dr. Igor De Jesus Lobato Pompeu Gamaranno (CCI\/DCSA\/UEPA)<br><strong>&nbsp;<\/strong><br><strong>Comunica\u00e7\u00e3o 01<\/strong>: \u201cBai\u00e3o Food Connect &#8211; Plataforma de Agrega\u00e7\u00e3o de Estabelecimentos de Alimenta\u00e7\u00e3o em Bai\u00e3o\u201d<br><strong>Bolsista:<\/strong> Antonio Wanzeler Neto (PIBIC\/FORMA PAR\u00c1)<br><strong>Orientador: <\/strong>Prof. Dr.Thiago Nicolau Magalh\u00e3es de Souza Conte<br><strong>&nbsp;<\/strong><br><strong>Comunica\u00e7\u00e3o 02<\/strong>: \u201cGest\u00e3o da Inova\u00e7\u00e3o e do conhecimento no Arranjo Produtivo Local (APL) de Produ\u00e7\u00e3o de Farinha de Tapioca no Distrito de Americano- PA\u201d<br><strong>Bolsista:<\/strong> Darley da Silva Ribeiro (PIBIC\/FAPESPA).<br><strong>Orientadora: <\/strong>Profa. Ma. Juciana Nunes Cardoso.<br><strong>&nbsp;<\/strong><br><strong>Comunica\u00e7\u00e3o 03<\/strong>: \u201cProt\u00f3tipo&nbsp; de Automa\u00e7\u00e3o&nbsp; do Sistema Hidrop\u00f4niconutrient Film Technique na Produ\u00e7\u00e3o de Hortali\u00e7as por Produtores Familiares\u201d<br><strong>Bolsistas:<\/strong> Iago Pinheiro Diniz (PIBITI\/CNPq)<br><strong>Orientador:<\/strong> Prof. Dr. I\u00eado Souza Santos.<br>&nbsp;<br><strong>Comunica\u00e7\u00e3o 04<\/strong>: \u201cTecnologia educacional do tipo jogo s\u00e9rio anal\u00f3gico para o empoderamento da mulher no processo gestacional: redesign, teste alfa e valida\u00e7\u00e3o&#8221;<br><strong>Bolsista:<\/strong> Fl\u00e1via Savana Ribeiro de Sales<br><strong>Orientador: <\/strong>Prof. Dr. Paulo Elias Gotardelo Audebert Delage<\/p><\/div>\n\n\n\n<div class=\"wp-block-uagb-advanced-heading uagb-block-d64d6ee2\"><h3 class=\"uagb-heading-text\"><strong>DIA 28\/08\/2025 \u2013 TARDE <br><br>Mesa-Redonda 02 (14:00h-15:00h)<br><br> Formato H\u00edbrido (Audit\u00f3rio Paulo Freire, CCSE\/Campus I, com transmiss\u00e3o para canal oficial da UEPA no Youtube<br><br> \u201cHorizontes da Inova\u00e7\u00e3o: Tecnologias Transformadoras para uma Amaz\u00f4nia Sustent\u00e1vel\u201d<\/strong><\/h3><\/div>\n\n\n\n<p class=\"has-text-align-center\"><strong>Mediador:<\/strong> Prof. Dr. Michel de Melo Lima &#8211; (DGEO\/UEPA)<br><br>\u201cNovos conhecimentos aplicados \u00e0 complexidade da sociobioeconomia Amaz\u00f4nica\u201d<br> Prof. Dr. Ant\u00f4nio Cordeiro de Santana (NAEA\/UFPA)<br><br>\u201cTecnologias avan\u00e7adas para estimativa de biomassa e carbono florestal: Inova\u00e7\u00e3o em monitoramento ambiental e gest\u00e3o territorial\u201d<br><strong>Prof. Dr. \u00c9der Silva de Oliveira&nbsp; (PROPESP\/UEPA)<\/strong><br><\/p>\n\n\n\n<div class=\"wp-block-uagb-advanced-heading uagb-block-fa7192f0\"><h3 class=\"uagb-heading-text\"><strong>Palestra 02 (15:00h-16:00h) <br><br>Formato H\u00edbrido (Audit\u00f3rio Paulo Freire, CCSE\/Campus I, com transmiss\u00e3o para canal oficial da UEPA no Youtube <br><br>\u201cPapel dos ecossistemas de inova\u00e7\u00e3o na transforma\u00e7\u00e3o de realidades<\/strong>\u201d<\/h3><\/div>\n\n\n\n<p class=\"has-text-align-center\">Prof. Dr. Marcos Aur\u00e9lio Da-R\u00e9, Diretor Executivo Economia Verde da Funda\u00e7\u00e3o&nbsp; &#8211; Funda\u00e7\u00e3o CERTI<\/p>\n<\/div>\n\n\n\n<div class=\"wp-block-uagb-advanced-heading uagb-block-59cd899a\"><h3 class=\"uagb-heading-text\"><strong>Premia\u00e7\u00e3o dos Alunos de Gradua\u00e7\u00e3o PIBIC e PIBITI (16:00h &#8211; 17:00h)<br><br> Formato H\u00edbrido (Audit\u00f3rio Paulo Freire, CCSE\/Campus I, com transmiss\u00e3o para canal oficial da UEPA no Youtube<\/strong><\/h3><\/div>\n\n\n\n<p class=\"has-text-align-center\">Pr\u00eamio Jovem Pesquisador da Universidade do Estado do Par\u00e1<\/p>\n\n\n\n<div class=\"wp-block-uagb-advanced-heading uagb-block-604141a4\"><h3 class=\"uagb-heading-text\"><strong>Cerim\u00f4nia de Encerramento (17:00h &#8211; 17:30h)<br><br> Formato H\u00edbrido (Audit\u00f3rio Paulo Freire, CCSE\/Campus I, com transmiss\u00e3o para canal oficial da UEPA no Youtube<br><br> \u201cXIII Semin\u00e1rio de Integra\u00e7\u00e3o Cient\u00edfica (XIII SIC\/UEPA)\u201d<\/strong><\/h3><\/div>\n\n\n\n<p class=\"has-text-align-center\"><strong>Prof. Dra. Luanna de Melo Pereira Fernandes<br>Pr\u00f3-Reitora de Pesquisa e P\u00f3s-Gradua\u00e7\u00e3o<\/strong><\/p>\n\n\n\n<p class=\"has-text-align-center\"><strong>Prof. Dra. Tatiane Bahia do Vale Silva<br>Diretora de Desenvolvimento \u00e0 Pesquisa<\/strong><\/p>\n\n\n\n<p class=\"has-text-align-center\"><strong>Prof. Dra. Luely Oliveira da Silva<br>Diretora de Desenvolvimento \u00e0 P\u00f3s-gradua\u00e7\u00e3o<\/strong><\/p>\n\n\n\n<p class=\"has-text-align-center\"><strong>Prof. Dr. Eder Silva de Oliveira<br>Diretor de Acompanhamento e Controle De Qualifica\u00e7\u00e3o<\/strong><\/p>\n\n\n\n<p class=\"has-text-align-center\"><strong>Prof. Msc. Savio Almeida Fernandes<br>Diretor de Inova\u00e7\u00e3o, Transfer\u00eancia Tecnol\u00f3gica e Empreendedorismo<\/strong><\/p>\n<\/div>\n<\/div><\/div>\n","protected":false},"excerpt":{"rendered":"<p>Prezado(a) Orientador(a), Aluno(a) Bolsista e Aluno(a) Volunt\u00e1rio(a), A Pr\u00f3-Reitoria de Pesquisa e P\u00f3s-Gradua\u00e7\u00e3o anuncia a chegada do XIII Semin\u00e1rio de Integra\u00e7\u00e3o Cient\u00edfica (XIII SIC\/UEPA), com a tem\u00e1tica geral: CI\u00caNCIA E INOVA\u00c7\u00c3O NA AMAZ\u00d4NIA: SOLU\u00c7\u00d5ES SUSTENT\u00c1VEIS PARA DESAFIOS GLOBAIS. O evento ser\u00e1 realizado nos dias 27 e 28 de agosto de 2025, em formato h\u00edbrido, presencialmente &hellip;<\/p>\n<p class=\"read-more\"> <a class=\"\" href=\"https:\/\/sic.uepa.br\/2025\/programacao\/\"> <span class=\"screen-reader-text\">Programa\u00e7\u00e3o<\/span> Leia mais &raquo;<\/a><\/p>\n","protected":false},"author":1,"featured_media":0,"parent":0,"menu_order":0,"comment_status":"closed","ping_status":"closed","template":"","meta":{"_uag_custom_page_level_css":"","site-sidebar-layout":"no-sidebar","site-content-layout":"","ast-site-content-layout":"default","site-content-style":"default","site-sidebar-style":"default","ast-global-header-display":"","ast-banner-title-visibility":"","ast-main-header-display":"enabled","ast-hfb-above-header-display":"","ast-hfb-below-header-display":"","ast-hfb-mobile-header-display":"","site-post-title":"disabled","ast-breadcrumbs-content":"disabled","ast-featured-img":"disabled","footer-sml-layout":"enabled","theme-transparent-header-meta":"disabled","adv-header-id-meta":"","stick-header-meta":"","header-above-stick-meta":"","header-main-stick-meta":"","header-below-stick-meta":"","astra-migrate-meta-layouts":"set","ast-page-background-enabled":"default","ast-page-background-meta":{"desktop":{"background-color":"var(--ast-global-color-4)","background-image":"","background-repeat":"repeat","background-position":"center center","background-size":"auto","background-attachment":"scroll","background-type":"","background-media":"","overlay-type":"","overlay-color":"","overlay-gradient":""},"tablet":{"background-color":"","background-image":"","background-repeat":"repeat","background-position":"center center","background-size":"auto","background-attachment":"scroll","background-type":"","background-media":"","overlay-type":"","overlay-color":"","overlay-gradient":""},"mobile":{"background-color":"","background-image":"","background-repeat":"repeat","background-position":"center center","background-size":"auto","background-attachment":"scroll","background-type":"","background-media":"","overlay-type":"","overlay-color":"","overlay-gradient":""}},"ast-content-background-meta":{"desktop":{"background-color":"var(--ast-global-color-5)","background-image":"","background-repeat":"repeat","background-position":"center center","background-size":"auto","background-attachment":"scroll","background-type":"","background-media":"","overlay-type":"","overlay-color":"","overlay-gradient":""},"tablet":{"background-color":"var(--ast-global-color-5)","background-image":"","background-repeat":"repeat","background-position":"center center","background-size":"auto","background-attachment":"scroll","background-type":"","background-media":"","overlay-type":"","overlay-color":"","overlay-gradient":""},"mobile":{"background-color":"var(--ast-global-color-5)","background-image":"","background-repeat":"repeat","background-position":"center center","background-size":"auto","background-attachment":"scroll","background-type":"","background-media":"","overlay-type":"","overlay-color":"","overlay-gradient":""}},"footnotes":""},"uagb_featured_image_src":{"full":false,"thumbnail":false,"medium":false,"medium_large":false,"large":false,"1536x1536":false,"2048x2048":false},"uagb_author_info":{"display_name":"adminsites@uepa.br","author_link":"https:\/\/sic.uepa.br\/2025\/author\/adminsitesuepa-br\/"},"uagb_comment_info":0,"uagb_excerpt":"Prezado(a) Orientador(a), Aluno(a) Bolsista e Aluno(a) Volunt\u00e1rio(a), A Pr\u00f3-Reitoria de Pesquisa e P\u00f3s-Gradua\u00e7\u00e3o anuncia a chegada do XIII Semin\u00e1rio de Integra\u00e7\u00e3o Cient\u00edfica (XIII SIC\/UEPA), com a tem\u00e1tica geral: CI\u00caNCIA E INOVA\u00c7\u00c3O NA AMAZ\u00d4NIA: SOLU\u00c7\u00d5ES SUSTENT\u00c1VEIS PARA DESAFIOS GLOBAIS. O evento ser\u00e1 realizado nos dias 27 e 28 de agosto de 2025, em formato h\u00edbrido, presencialmente&hellip;","_links":{"self":[{"href":"https:\/\/sic.uepa.br\/2025\/wp-json\/wp\/v2\/pages\/267"}],"collection":[{"href":"https:\/\/sic.uepa.br\/2025\/wp-json\/wp\/v2\/pages"}],"about":[{"href":"https:\/\/sic.uepa.br\/2025\/wp-json\/wp\/v2\/types\/page"}],"author":[{"embeddable":true,"href":"https:\/\/sic.uepa.br\/2025\/wp-json\/wp\/v2\/users\/1"}],"replies":[{"embeddable":true,"href":"https:\/\/sic.uepa.br\/2025\/wp-json\/wp\/v2\/comments?post=267"}],"version-history":[{"count":23,"href":"https:\/\/sic.uepa.br\/2025\/wp-json\/wp\/v2\/pages\/267\/revisions"}],"predecessor-version":[{"id":2087,"href":"https:\/\/sic.uepa.br\/2025\/wp-json\/wp\/v2\/pages\/267\/revisions\/2087"}],"wp:attachment":[{"href":"https:\/\/sic.uepa.br\/2025\/wp-json\/wp\/v2\/media?parent=267"}],"curies":[{"name":"wp","href":"https:\/\/api.w.org\/{rel}","templated":true}]}}