{"id":292,"date":"2022-01-19T13:52:44","date_gmt":"2022-01-19T13:52:44","guid":{"rendered":"https:\/\/paginas.uepa.br\/sic\/2022\/?page_id=292"},"modified":"2025-07-29T11:22:36","modified_gmt":"2025-07-29T11:22:36","slug":"edicoes-anteriores","status":"publish","type":"page","link":"https:\/\/sic.uepa.br\/2025\/edicoes-anteriores\/","title":{"rendered":"Edi\u00e7\u00f5es Anteriores"},"content":{"rendered":"\n<div class=\"inherit-container-width wp-block-group alignfull has-ast-global-color-4-background-color has-background is-layout-constrained wp-block-group-is-layout-constrained\">\n<div class=\"inherit-container-width wp-block-group is-layout-constrained wp-block-group-is-layout-constrained\">\n<h1 class=\"wp-block-heading has-text-align-center martinTop has-ast-global-color-8-color has-text-color\">Edi\u00e7\u00f5es Anteriores<\/h1>\n<\/div>\n\n\n\n<p class=\"has-text-align-center\">VI SEMIN\u00c1RIO DE INTEGRA\u00c7\u00c3O CIENT\u00cdFICA<br><a href=\"https:\/\/propesp.uepa.br\/index.php\/vi-seminario-de-integracao-cientifica\/\">https:\/\/propesp.uepa.br\/index.php\/vi-seminario-de-integracao-cientifica\/<\/a><\/p>\n\n\n\n<p class=\"has-text-align-center\">VII SEMIN\u00c1RIO DE INTEGRA\u00c7\u00c3O CIENT\u00cdFICA<br><a href=\"https:\/\/propesp.uepa.br\/index.php\/vii-seminario-de-integracao-cientifica\/\">https:\/\/propesp.uepa.br\/index.php\/vii-seminario-de-integracao-cientifica\/<\/a><\/p>\n\n\n\n<p class=\"has-text-align-center\">VIII SEMIN\u00c1RIO DE INTEGRA\u00c7\u00c3O CIENT\u00cdFICA<br><a href=\"https:\/\/propesp.uepa.br\/index.php\/viii-seminario-de-integracao-cientifica\/\">https:\/\/propesp.uepa.br\/index.php\/viii-seminario-de-integracao-cientifica\/<\/a><\/p>\n\n\n\n<p class=\"has-text-align-center\">X SEMIN\u00c1RIO DE INTEGRA\u00c7\u00c3O CIENT\u00cdFICA<br><a href=\"https:\/\/propesp.uepa.br\/index.php\/x-seminario-de-integracao-cientifica\/\">https:\/\/propesp.uepa.br\/index.php\/x-seminario-de-integracao-cientifica\/<\/a><\/p>\n\n\n\n<p class=\"has-text-align-center\">XI SEMIN\u00c1RIO DE INTEGRA\u00c7\u00c3O CIENT\u00cdFICA<br><a href=\"https:\/\/sic.uepa.br\/2023\/\">https:\/\/sic.uepa.br\/2023\/<\/a><\/p>\n\n\n\n<p class=\"has-text-align-center\">XII SEMIN\u00c1RIO DE INTEGRA\u00c7\u00c3O CIENT\u00cdFICA<br><a href=\"https:\/\/sic.uepa.br\/2024\/\">https:\/\/sic.uepa.br\/2024\/<\/a><\/p>\n<\/div>\n","protected":false},"excerpt":{"rendered":"<p>Edi\u00e7\u00f5es Anteriores VI SEMIN\u00c1RIO DE INTEGRA\u00c7\u00c3O CIENT\u00cdFICAhttps:\/\/propesp.uepa.br\/index.php\/vi-seminario-de-integracao-cientifica\/ VII SEMIN\u00c1RIO DE INTEGRA\u00c7\u00c3O CIENT\u00cdFICAhttps:\/\/propesp.uepa.br\/index.php\/vii-seminario-de-integracao-cientifica\/ VIII SEMIN\u00c1RIO DE INTEGRA\u00c7\u00c3O CIENT\u00cdFICAhttps:\/\/propesp.uepa.br\/index.php\/viii-seminario-de-integracao-cientifica\/ X SEMIN\u00c1RIO DE INTEGRA\u00c7\u00c3O CIENT\u00cdFICAhttps:\/\/propesp.uepa.br\/index.php\/x-seminario-de-integracao-cientifica\/ XI SEMIN\u00c1RIO DE INTEGRA\u00c7\u00c3O CIENT\u00cdFICAhttps:\/\/sic.uepa.br\/2023\/ XII SEMIN\u00c1RIO DE INTEGRA\u00c7\u00c3O CIENT\u00cdFICAhttps:\/\/sic.uepa.br\/2024\/<\/p>\n","protected":false},"author":1,"featured_media":0,"parent":0,"menu_order":0,"comment_status":"closed","ping_status":"closed","template":"","meta":{"_uag_custom_page_level_css":"","site-sidebar-layout":"no-sidebar","site-content-layout":"","ast-site-content-layout":"default","site-content-style":"default","site-sidebar-style":"default","ast-global-header-display":"","ast-banner-title-visibility":"","ast-main-header-display":"enabled","ast-hfb-above-header-display":"","ast-hfb-below-header-display":"","ast-hfb-mobile-header-display":"","site-post-title":"disabled","ast-breadcrumbs-content":"disabled","ast-featured-img":"disabled","footer-sml-layout":"enabled","theme-transparent-header-meta":"disabled","adv-header-id-meta":"","stick-header-meta":"","header-above-stick-meta":"","header-main-stick-meta":"","header-below-stick-meta":"","astra-migrate-meta-layouts":"set","ast-page-background-enabled":"default","ast-page-background-meta":{"desktop":{"background-color":"var(--ast-global-color-4)","background-image":"","background-repeat":"repeat","background-position":"center center","background-size":"auto","background-attachment":"scroll","background-type":"","background-media":"","overlay-type":"","overlay-color":"","overlay-gradient":""},"tablet":{"background-color":"","background-image":"","background-repeat":"repeat","background-position":"center center","background-size":"auto","background-attachment":"scroll","background-type":"","background-media":"","overlay-type":"","overlay-color":"","overlay-gradient":""},"mobile":{"background-color":"","background-image":"","background-repeat":"repeat","background-position":"center center","background-size":"auto","background-attachment":"scroll","background-type":"","background-media":"","overlay-type":"","overlay-color":"","overlay-gradient":""}},"ast-content-background-meta":{"desktop":{"background-color":"var(--ast-global-color-5)","background-image":"","background-repeat":"repeat","background-position":"center center","background-size":"auto","background-attachment":"scroll","background-type":"","background-media":"","overlay-type":"","overlay-color":"","overlay-gradient":""},"tablet":{"background-color":"var(--ast-global-color-5)","background-image":"","background-repeat":"repeat","background-position":"center center","background-size":"auto","background-attachment":"scroll","background-type":"","background-media":"","overlay-type":"","overlay-color":"","overlay-gradient":""},"mobile":{"background-color":"var(--ast-global-color-5)","background-image":"","background-repeat":"repeat","background-position":"center center","background-size":"auto","background-attachment":"scroll","background-type":"","background-media":"","overlay-type":"","overlay-color":"","overlay-gradient":""}},"footnotes":""},"uagb_featured_image_src":{"full":false,"thumbnail":false,"medium":false,"medium_large":false,"large":false,"1536x1536":false,"2048x2048":false},"uagb_author_info":{"display_name":"adminsites@uepa.br","author_link":"https:\/\/sic.uepa.br\/2025\/author\/adminsitesuepa-br\/"},"uagb_comment_info":0,"uagb_excerpt":"Edi\u00e7\u00f5es Anteriores VI SEMIN\u00c1RIO DE INTEGRA\u00c7\u00c3O CIENT\u00cdFICAhttps:\/\/propesp.uepa.br\/index.php\/vi-seminario-de-integracao-cientifica\/ VII SEMIN\u00c1RIO DE INTEGRA\u00c7\u00c3O CIENT\u00cdFICAhttps:\/\/propesp.uepa.br\/index.php\/vii-seminario-de-integracao-cientifica\/ VIII SEMIN\u00c1RIO DE INTEGRA\u00c7\u00c3O CIENT\u00cdFICAhttps:\/\/propesp.uepa.br\/index.php\/viii-seminario-de-integracao-cientifica\/ X SEMIN\u00c1RIO DE INTEGRA\u00c7\u00c3O CIENT\u00cdFICAhttps:\/\/propesp.uepa.br\/index.php\/x-seminario-de-integracao-cientifica\/ XI SEMIN\u00c1RIO DE INTEGRA\u00c7\u00c3O CIENT\u00cdFICAhttps:\/\/sic.uepa.br\/2023\/ XII SEMIN\u00c1RIO DE INTEGRA\u00c7\u00c3O CIENT\u00cdFICAhttps:\/\/sic.uepa.br\/2024\/","_links":{"self":[{"href":"https:\/\/sic.uepa.br\/2025\/wp-json\/wp\/v2\/pages\/292"}],"collection":[{"href":"https:\/\/sic.uepa.br\/2025\/wp-json\/wp\/v2\/pages"}],"about":[{"href":"https:\/\/sic.uepa.br\/2025\/wp-json\/wp\/v2\/types\/page"}],"author":[{"embeddable":true,"href":"https:\/\/sic.uepa.br\/2025\/wp-json\/wp\/v2\/users\/1"}],"replies":[{"embeddable":true,"href":"https:\/\/sic.uepa.br\/2025\/wp-json\/wp\/v2\/comments?post=292"}],"version-history":[{"count":6,"href":"https:\/\/sic.uepa.br\/2025\/wp-json\/wp\/v2\/pages\/292\/revisions"}],"predecessor-version":[{"id":1869,"href":"https:\/\/sic.uepa.br\/2025\/wp-json\/wp\/v2\/pages\/292\/revisions\/1869"}],"wp:attachment":[{"href":"https:\/\/sic.uepa.br\/2025\/wp-json\/wp\/v2\/media?parent=292"}],"curies":[{"name":"wp","href":"https:\/\/api.w.org\/{rel}","templated":true}]}}